{"id":1669,"date":"2021-03-10T17:24:49","date_gmt":"2021-03-10T17:24:49","guid":{"rendered":"http:\/\/www.piat.type.pl\/swiat\/?p=1669"},"modified":"2021-04-01T18:01:02","modified_gmt":"2021-04-01T18:01:02","slug":"szkocja","status":"publish","type":"page","link":"https:\/\/www.piat.type.pl\/swiat\/szkocja\/","title":{"rendered":"Szkocja"},"content":{"rendered":"<p style=\"text-align: justify;\">Szkocki Highlands to jeden z najrzadziej zaludnionych obszar\u00f3w w Europie. Po cz\u0119\u015bci to zas\u0142uga ci\u0119\u017ckiego klimatu &#8211; ci\u0105gle tam leje. Trawa ro\u015bnie na grubej warstwie torfu, wi\u0119c nawet gdy nie pada, to trudno po niej przej\u015b\u0107 na sucho. Po dawnych mieszka\u0144cach pozosta\u0142y tylko kamienne chaty, zwane <em>bothies<\/em>, cz\u0119\u015b\u0107 z\u00a0nich odremontowano i przystosowano do wykorzystania przez turyst\u00f3w. Ale i\u00a0tych nie ma zbyt wielu, bo olbrzymie g\u00f3rzyste i trawiaste przestrzenie zamieszkuj\u0105 obecnie g\u0142\u00f3wnie \u017car\u0142oczne bestie &#8211; meszki. Teren jest trudny i\u00a0wymaga dobrego przygotowania, ale dzika przyroda, zielone g\u00f3ry, doliny z\u00a0jeziorami, kt\u00f3re niekiedy okazuj\u0105 si\u0119 by\u0107 odnogami oceanu, wynagradzaj\u0105 trudy tym, kt\u00f3rzy si\u0119 tam zapuszcz\u0105. W kilkuosobowej grupie odbyli\u015bmy tygodniowy treking w zachodniej cz\u0119\u015bci Szkocji, poza najbardziej popularnymi parkami narodowymi Cairngorms i Loch Lomond and the Trossachs.<\/p>\r\n<p style=\"text-align: justify;\">Mull of Kintyre &#8211; to nazwa miejsca na p\u00f3\u0142wyspie Kintyre le\u017c\u0105cego w zachodniej Szkocji. To nieco bardziej na po\u0142udnie od rejonu, w kt\u00f3rym w\u0119drowali\u015bmy, ale klimaty s\u0105 tam podobne. W\u0142a\u015bnie w tej okolicy podobno mieszka\u0142 przez pewien czas Paul McCartney. Nie jest on wprawdzie Szkotem &#8211; ma korzenie irlandzkie, ale z p\u00f3\u0142wyspu Kintyre wida\u0107 ju\u017c brzeg Irlandii. Paulowi musia\u0142o si\u0119 tam podoba\u0107, bo refren piosenki brzmi mniej wi\u0119cej tak: &#8222;och ta mg\u0142a p\u0142yn\u0105ca od morza, moim pragnieniem jest zawsze by\u0107 tutaj&#8221;. Piosenka powsta\u0142a w 1977 roku, czyli kilka lat po rozpadzie The Beatles i by\u0142a w tamtych czasach wielkim przebojem &#8211; pierwszym, kt\u00f3ry sprzeda\u0142 si\u0119 w ilo\u015bciach por\u00f3wnywalnych z tymi z\u00a0okresu dzia\u0142alno\u015bci zespo\u0142u.<\/p>\r\n\r\n\r\n\r\n\r\n<div class=\"wp-block-image\">\r\n<figure class=\"aligncenter\"><a class=\"fancybox-vimeo\" href=\"http:\/\/player.vimeo.com\/video\/407486411?title=0;byline=0;portrait=0;autoplay=1;loop=1;quality=720p\"><img decoding=\"async\" class=\"wp-image-1264\" title=\"Szkocja\" src=\"https:\/\/www.piat.type.pl\/swiat\/wp-content\/uploads\/2021\/03\/szkocja2-4-300x300.jpg\" alt=\"\" \/><\/a>\r\n<figcaption>Kliknij na obrazek, aby zobaczy\u0107 film<\/figcaption>\r\n<\/figure>\r\n<\/div>\r\n\r\n\r\n\r\n\r\n\r\n\r\n\r\n<p class=\"has-text-align-center\">Zdj\u0119cia:<br \/><strong> Andrzej Pi\u0105tek<br \/>Regina Pi\u0105tek<\/strong><\/p>\r\n\r\n\r\n\r\n<p class=\"has-text-align-center\">Piosenka:<br \/><strong>Paul McCartney &amp; Wings &#8211; &#8222;Mull of Kintyre&#8221;<\/strong><\/p>\r\n","protected":false},"excerpt":{"rendered":"<p>Szkocki Highlands to jeden z najrzadziej zaludnionych obszar\u00f3w w Europie. Po cz\u0119\u015bci to zas\u0142uga ci\u0119\u017ckiego klimatu &#8211; ci\u0105gle tam leje. Trawa ro\u015bnie na grubej warstwie torfu, wi\u0119c nawet gdy nie pada, to trudno po niej przej\u015b\u0107 na sucho. Po dawnych mieszka\u0144cach pozosta\u0142y tylko kamienne chaty, zwane bothies, cz\u0119\u015b\u0107 z\u00a0nich odremontowano i przystosowano do wykorzystania przez [&hellip;]<\/p>\n","protected":false},"author":1,"featured_media":1644,"parent":0,"menu_order":0,"comment_status":"closed","ping_status":"closed","template":"","meta":{"footnotes":""},"class_list":["post-1669","page","type-page","status-publish","has-post-thumbnail","hentry"],"_links":{"self":[{"href":"https:\/\/www.piat.type.pl\/swiat\/wp-json\/wp\/v2\/pages\/1669","targetHints":{"allow":["GET"]}}],"collection":[{"href":"https:\/\/www.piat.type.pl\/swiat\/wp-json\/wp\/v2\/pages"}],"about":[{"href":"https:\/\/www.piat.type.pl\/swiat\/wp-json\/wp\/v2\/types\/page"}],"author":[{"embeddable":true,"href":"https:\/\/www.piat.type.pl\/swiat\/wp-json\/wp\/v2\/users\/1"}],"replies":[{"embeddable":true,"href":"https:\/\/www.piat.type.pl\/swiat\/wp-json\/wp\/v2\/comments?post=1669"}],"version-history":[{"count":0,"href":"https:\/\/www.piat.type.pl\/swiat\/wp-json\/wp\/v2\/pages\/1669\/revisions"}],"wp:featuredmedia":[{"embeddable":true,"href":"https:\/\/www.piat.type.pl\/swiat\/wp-json\/wp\/v2\/media\/1644"}],"wp:attachment":[{"href":"https:\/\/www.piat.type.pl\/swiat\/wp-json\/wp\/v2\/media?parent=1669"}],"curies":[{"name":"wp","href":"https:\/\/api.w.org\/{rel}","templated":true}]}}