{"id":1482,"date":"2020-12-06T23:20:03","date_gmt":"2020-12-06T23:20:03","guid":{"rendered":"http:\/\/www.piat.type.pl\/swiat\/?p=1482"},"modified":"2021-03-10T18:17:11","modified_gmt":"2021-03-10T18:17:11","slug":"kolory-kolorado","status":"publish","type":"page","link":"https:\/\/www.piat.type.pl\/swiat\/kolory-kolorado\/","title":{"rendered":"Kolory Kolorado"},"content":{"rendered":"<p style=\"text-align: justify;\">To jest impresja podsumowuj\u0105ca nasz pobyt w&nbsp;Dolinie Kolorado w&nbsp;czasie wyprawy, kt\u00f3ra odby\u0142a si\u0119 w ramach projektu Polskie Andy w&nbsp;2011 roku. Na pocz\u0105tku jest miniwywiad, kt\u00f3ry &#8211; tak naprawd\u0119 &#8211; by\u0142 pr\u00f3b\u0105 sprz\u0119tu przeprowadzon\u0105 w samochodzie, kt\u00f3rym zmierzali\u015bmy z Mendozy w kierunku g\u00f3r i jeszcze zupe\u0142nie nie byli\u015bmy \u015bwiadomi tego, co nas tam czeka. Wkr\u00f3tce dotarli\u015bmy do st\u00f3p jednego z&nbsp;najwy\u017cszych szczyt\u00f3w And\u00f3w &#8211; Mercedario i&nbsp;z&nbsp;r\u00f3\u017cnym skutkiem pr\u00f3bowali\u015bmy wej\u015b\u0107 na inne szczyty grupy g\u00f3rskiej Cordillera de la Ramada. W miar\u0119 przemieszczania si\u0119 w g\u00f3r\u0119 doliny i w czasie naszej dzia\u0142alno\u015bci w&nbsp;tym rejonie coraz bardziej ulegali\u015bmy urokowi miejsca, w&nbsp;kt\u00f3rym si\u0119 znale\u017ali\u015bmy.<\/p>\n<p style=\"text-align: justify;\">Wykorzystali\u015bmy d\u017awi\u0119ki nagrane na miejscu i muzyk\u0119, kt\u00f3ra nie pochodzi wprawdzie z Argentyny, ale &#8211; mamy nadziej\u0119 &#8211; dobrze oddaje emocje, kt\u00f3re by\u0142y naszym udzia\u0142em podczas pobytu w&nbsp;jednym z&nbsp;najpi\u0119kniejszych zak\u0105tk\u00f3w And\u00f3w.<\/p>\n\n<div id=\"attachment_628\" style=\"width: 310px\" class=\"wp-caption aligncenter\"><a class=\"fancybox-vimeo\" href=\"http:\/\/player.vimeo.com\/video\/271049431?title=0;byline=0;portrait=0;autoplay=1;loop=1;quality=720p\"><img loading=\"lazy\" decoding=\"async\" aria-describedby=\"caption-attachment-628\" class=\"wp-image-628 size-medium\" title=\"Kolory Kolorado\" src=\"https:\/\/www.piat.type.pl\/swiat\/wp-content\/uploads\/2018\/05\/kolorykolorado2-4-300x300.jpg\" alt=\"\" width=\"300\" height=\"300\" srcset=\"https:\/\/www.piat.type.pl\/swiat\/wp-content\/uploads\/2018\/05\/kolorykolorado2-4-300x300.jpg 300w, https:\/\/www.piat.type.pl\/swiat\/wp-content\/uploads\/2018\/05\/kolorykolorado2-4-150x150.jpg 150w, https:\/\/www.piat.type.pl\/swiat\/wp-content\/uploads\/2018\/05\/kolorykolorado2-4-768x768.jpg 768w, https:\/\/www.piat.type.pl\/swiat\/wp-content\/uploads\/2018\/05\/kolorykolorado2-4-508x508.jpg 508w, https:\/\/www.piat.type.pl\/swiat\/wp-content\/uploads\/2018\/05\/kolorykolorado2-4.jpg 1024w\" sizes=\"auto, (max-width: 300px) 100vw, 300px\" \/><\/a><p id=\"caption-attachment-628\" class=\"wp-caption-text\">Kliknij na obrazek, aby zobaczy\u0107 film<\/p><\/div>\n<p><br \/>\n<\/p>\n<p style=\"text-align: center;\">Zdj\u0119cia:<br \/>\n<strong> Iwona Szumacher<\/strong><\/p>\n<p style=\"text-align: center;\">D\u017awi\u0119ki:<br \/>\n<strong>Andrzej Pi\u0105tek<\/strong><\/p>\n<p style=\"text-align: center;\">Muzyka:<br \/>\n<strong>&nbsp;&nbsp; Stare Dobre Ma\u0142\u017ce\u0144stwo &#8211; &#8222;Dolina w d\u0142ugich cieniach&#8221;<\/strong><br \/>\n<strong>&nbsp;&nbsp; Miles Davis &#8211; &#8222;Time After Time&#8221;<\/strong><br \/>\n<strong>&nbsp;&nbsp; Grzegorz Turnau &#8211; &#8222;Kwiat&#8221;<\/strong><br \/>\n<strong>&nbsp;&nbsp; Congreso &#8211; &#8222;Nocturno&#8221;<\/strong><\/p>\n","protected":false},"excerpt":{"rendered":"<p>To jest impresja podsumowuj\u0105ca nasz pobyt w&nbsp;Dolinie Kolorado w&nbsp;czasie wyprawy, kt\u00f3ra odby\u0142a si\u0119 w ramach projektu Polskie Andy w&nbsp;2011 roku. Na pocz\u0105tku jest miniwywiad, kt\u00f3ry &#8211; tak naprawd\u0119 &#8211; by\u0142 pr\u00f3b\u0105 sprz\u0119tu przeprowadzon\u0105 w samochodzie, kt\u00f3rym zmierzali\u015bmy z Mendozy w kierunku g\u00f3r i jeszcze zupe\u0142nie nie byli\u015bmy \u015bwiadomi tego, co nas tam czeka. Wkr\u00f3tce dotarli\u015bmy [&hellip;]<\/p>\n","protected":false},"author":1,"featured_media":628,"parent":0,"menu_order":33,"comment_status":"closed","ping_status":"closed","template":"","meta":{"footnotes":""},"class_list":["post-1482","page","type-page","status-publish","has-post-thumbnail","hentry"],"_links":{"self":[{"href":"https:\/\/www.piat.type.pl\/swiat\/wp-json\/wp\/v2\/pages\/1482","targetHints":{"allow":["GET"]}}],"collection":[{"href":"https:\/\/www.piat.type.pl\/swiat\/wp-json\/wp\/v2\/pages"}],"about":[{"href":"https:\/\/www.piat.type.pl\/swiat\/wp-json\/wp\/v2\/types\/page"}],"author":[{"embeddable":true,"href":"https:\/\/www.piat.type.pl\/swiat\/wp-json\/wp\/v2\/users\/1"}],"replies":[{"embeddable":true,"href":"https:\/\/www.piat.type.pl\/swiat\/wp-json\/wp\/v2\/comments?post=1482"}],"version-history":[{"count":0,"href":"https:\/\/www.piat.type.pl\/swiat\/wp-json\/wp\/v2\/pages\/1482\/revisions"}],"wp:featuredmedia":[{"embeddable":true,"href":"https:\/\/www.piat.type.pl\/swiat\/wp-json\/wp\/v2\/media\/628"}],"wp:attachment":[{"href":"https:\/\/www.piat.type.pl\/swiat\/wp-json\/wp\/v2\/media?parent=1482"}],"curies":[{"name":"wp","href":"https:\/\/api.w.org\/{rel}","templated":true}]}}

<p style="text-align: justify;">To jest impresja podsumowująca nasz pobyt w&nbsp;Dolinie Kolorado w&nbsp;czasie wyprawy, która odbyła się w ramach projektu Polskie Andy w&nbsp;2011 roku. Na początku jest miniwywiad, który &#8211; tak naprawdę &#8211; był próbą sprzętu przeprowadzoną w samochodzie, którym zmierzaliśmy z Mendozy w kierunku gór i jeszcze zupełnie nie byliśmy świadomi tego, co nas tam czeka. Wkrótce dotarliśmy do stóp jednego z&nbsp;najwyższych szczytów Andów &#8211; Mercedario i&nbsp;z&nbsp;różnym skutkiem próbowaliśmy wejść na inne szczyty grupy górskiej Cordillera de la Ramada. W miarę przemieszczania się w górę doliny i w czasie naszej działalności w&nbsp;tym rejonie coraz bardziej ulegaliśmy urokowi miejsca, w&nbsp;którym się znaleźliśmy.</p>
<p style="text-align: justify;">Wykorzystaliśmy dźwięki nagrane na miejscu i muzykę, która nie pochodzi wprawdzie z Argentyny, ale &#8211; mamy nadzieję &#8211; dobrze oddaje emocje, które były naszym udziałem podczas pobytu w&nbsp;jednym z&nbsp;najpiękniejszych zakątków Andów.</p>

<div id="attachment_628" style="width: 310px" class="wp-caption aligncenter"><a class="fancybox-vimeo" href="http://player.vimeo.com/video/271049431?title=0;byline=0;portrait=0;autoplay=1;loop=1;quality=720p"><img loading="lazy" decoding="async" aria-describedby="caption-attachment-628" class="wp-image-628 size-medium" title="Kolory Kolorado" src="https://www.piat.type.pl/swiat/wp-content/uploads/2018/05/kolorykolorado2-4-300x300.jpg" alt="" width="300" height="300" srcset="https://www.piat.type.pl/swiat/wp-content/uploads/2018/05/kolorykolorado2-4-300x300.jpg 300w, https://www.piat.type.pl/swiat/wp-content/uploads/2018/05/kolorykolorado2-4-150x150.jpg 150w, https://www.piat.type.pl/swiat/wp-content/uploads/2018/05/kolorykolorado2-4-768x768.jpg 768w, https://www.piat.type.pl/swiat/wp-content/uploads/2018/05/kolorykolorado2-4-508x508.jpg 508w, https://www.piat.type.pl/swiat/wp-content/uploads/2018/05/kolorykolorado2-4.jpg 1024w" sizes="auto, (max-width: 300px) 100vw, 300px" /></a><p id="caption-attachment-628" class="wp-caption-text">Kliknij na obrazek, aby zobaczyć film</p></div>
<p><br />
</p>
<p style="text-align: center;">Zdjęcia:<br />
<strong> Iwona Szumacher</strong></p>
<p style="text-align: center;">Dźwięki:<br />
<strong>Andrzej Piątek</strong></p>
<p style="text-align: center;">Muzyka:<br />
<strong>&nbsp;&nbsp; Stare Dobre Małżeństwo &#8211; &#8222;Dolina w długich cieniach&#8221;</strong><br />
<strong>&nbsp;&nbsp; Miles Davis &#8211; &#8222;Time After Time&#8221;</strong><br />
<strong>&nbsp;&nbsp; Grzegorz Turnau &#8211; &#8222;Kwiat&#8221;</strong><br />
<strong>&nbsp;&nbsp; Congreso &#8211; &#8222;Nocturno&#8221;</strong></p>

<p>To jest impresja podsumowująca nasz pobyt w&nbsp;Dolinie Kolorado w&nbsp;czasie wyprawy, która odbyła się w ramach projektu Polskie Andy w&nbsp;2011 roku. Na początku jest miniwywiad, który &#8211; tak naprawdę &#8211; był próbą sprzętu przeprowadzoną w samochodzie, którym zmierzaliśmy z Mendozy w kierunku gór i jeszcze zupełnie nie byliśmy świadomi tego, co nas tam czeka. Wkrótce dotarliśmy [&hellip;]</p>
