{"id":1481,"date":"2020-12-06T23:19:45","date_gmt":"2020-12-06T23:19:45","guid":{"rendered":"http:\/\/www.piat.type.pl\/swiat\/?p=1481"},"modified":"2021-07-12T18:12:55","modified_gmt":"2021-07-12T18:12:55","slug":"argentynczycy","status":"publish","type":"page","link":"https:\/\/www.piat.type.pl\/swiat\/argentynczycy\/","title":{"rendered":"Argenty\u0144czycy"},"content":{"rendered":"<p style=\"text-align: justify;\">Ten materia\u0142 jest plonem wyprawy, kt\u00f3ra odby\u0142a si\u0119 w 2011 roku i&nbsp;pod\u0105\u017ca\u0142a \u015bladami Pierwszej Polskiej Wyprawy Andyjskiej z 1934 roku. Ale nie s\u0105 to zdj\u0119cia z And\u00f3w. Miejsce, w kt\u00f3rym zosta\u0142y zrobione, jest &#8211; przynajmniej jak na wypraw\u0119 g\u00f3rsk\u0105 &#8211; zupe\u0142nie nietypowe: s\u0105 to bowiem zdj\u0119cia z pla\u017cy. Chcieli\u015bmy przyjrze\u0107 si\u0119 mieszka\u0144com Argentyny &#8211; kraju, w kt\u00f3rym wi\u0119kszo\u015b\u0107 z nas by\u0142a po raz pierwszy. A&nbsp;gdzie mo\u017cna by\u0142o spotka\u0107 ich wi\u0119cej ni\u017c w&nbsp;upalny dzie\u0144 na pla\u017cy w&nbsp;okolicach kilkumilionowego Buenos Aires? W\u0142a\u015bnie tam Iwona (bo to ona jest autork\u0105 wszystkich zdj\u0119\u0107) mia\u0142a przed obiektywem ca\u0142y przekr\u00f3j wiekowy &#8211; od najm\u0142odszych do najstarszych; wszyscy zachowywali si\u0119 naturalnie, bo przewa\u017cnie nie wiedzieli, \u017ce s\u0105 obserwowani i&nbsp;fotografowani. Pr\u00f3bowali\u015bmy potwierdzi\u0107 lub obali\u0107 rozmaite stereotypy dotycz\u0105ce Argenty\u0144czyk\u00f3w. Jest zatem wszechobecna yerba mate, jest tango i oczywi\u015bcie pi\u0142ka no\u017cna, ale te\u017c i&nbsp;inne dyscypliny, w\u0142\u0105cznie z szachami czy bryd\u017cem, bo to r\u00f3wnie\u017c s\u0105 argenty\u0144skie specjalno\u015bci. Mo\u017cemy zobaczy\u0107, jak wygl\u0105daj\u0105 mieszka\u0144cy Argentyny, i zrozumie\u0107, dlaczego ich kraj jest nazywany Europ\u0105 Ameryki Po\u0142udniowej. Inaczej ni\u017c w&nbsp;pozosta\u0142ych krajach Ameryki, rdzennych Indian jest tu niewielu. Dzisiejsi Argenty\u0144czycy &#8211; to byli Hiszpanie, W\u0142osi, Niemcy, Portugalczycy, Ukrai\u0144cy, tak\u017ce Polacy.<\/p>\n<p style=\"text-align: justify;\">W warstwie muzycznej us\u0142yszymy Gotan Project &#8211; zesp\u00f3\u0142, kt\u00f3rego specjalno\u015bci\u0105 jest tango w nowoczesnym, elektronicznym wydaniu. Nie rezygnuje on jednak z&nbsp;tradycyjnych instrument\u00f3w, a przede wszystkim z najbardziej charakterystycznego dla tanga &#8211; bandoneonu. W Argentynie Gotan Project nie jest szczeg\u00f3lnie ceniony, bo to nie jest zesp\u00f3\u0142 argenty\u0144ski. Dzia\u0142a w Pary\u017cu i poza argenty\u0144skim gitarzyst\u0105 tworz\u0105 go Europejczycy. Nie zmienia to faktu, \u017ce jest to grupa, kt\u00f3ra w&nbsp;ostatnich latach zrobi\u0142a najwi\u0119cej dla popularyzacji nowoczesnego tanga. Wszystkie cztery kawa\u0142ki pochodz\u0105 z p\u0142yty &#8222;Tango 3.0&#8221;, do kt\u00f3rej nagrania muzycy zaprosili kilku go\u015bci, niekiedy do\u015b\u0107 nietypowych. Wykorzystali nawet g\u0142os samego Julio Cortazara, kt\u00f3ry czyta fragment swojej powie\u015bci &#8222;Gra w klasy&#8221;. U nas us\u0142yszymy go tylko przez chwil\u0119, zaraz po dzieci\u0119cej wyliczance. W drugiej sekwencji pojawi si\u0119 znany argenty\u0144ski komentator sportowy Victorio Morales. W&nbsp;kolejnych dw\u00f3ch utworach wyst\u0105pili ju\u017c piosenkarze &#8211; Christina Vilallonga i Daniel Melingo.<\/p>\n\n<div id=\"attachment_385\" style=\"width: 310px\" class=\"wp-caption aligncenter\"><a class=\"fancybox-vimeo\" href=\"http:\/\/player.vimeo.com\/video\/95719379?title=0;byline=0;portrait=0;loop=1;autoplay=1;autopause=1;quality=720p\"><img loading=\"lazy\" decoding=\"async\" aria-describedby=\"caption-attachment-385\" class=\"wp-image-385 size-medium\" title=\"Argenty\u0144czycy\" src=\"https:\/\/www.piat.type.pl\/swiat\/wp-content\/uploads\/2018\/05\/argentynczycy-4-300x300.jpg\" alt=\"Film niedost\u0119pny!\" width=\"300\" height=\"300\"><\/a><p id=\"caption-attachment-385\" class=\"wp-caption-text\">Kliknij na obrazek, aby zobaczy\u0107 film<\/p><\/div>\n<p><br \/>\n<\/p>\n<p style=\"text-align: center;\">Zdj\u0119cia:<br \/>\n<strong>Iwona Szumacher<\/strong><\/p>\n<p style=\"text-align: center;\">Muzyka:<br \/>\n<strong>Gotan Project &#8211; &#8222;Tango 3.0&#8221;<\/strong><\/p>\n","protected":false},"excerpt":{"rendered":"<p>Ten materia\u0142 jest plonem wyprawy, kt\u00f3ra odby\u0142a si\u0119 w 2011 roku i&nbsp;pod\u0105\u017ca\u0142a \u015bladami Pierwszej Polskiej Wyprawy Andyjskiej z 1934 roku. Ale nie s\u0105 to zdj\u0119cia z And\u00f3w. Miejsce, w kt\u00f3rym zosta\u0142y zrobione, jest &#8211; przynajmniej jak na wypraw\u0119 g\u00f3rsk\u0105 &#8211; zupe\u0142nie nietypowe: s\u0105 to bowiem zdj\u0119cia z pla\u017cy. Chcieli\u015bmy przyjrze\u0107 si\u0119 mieszka\u0144com Argentyny &#8211; kraju, [&hellip;]<\/p>\n","protected":false},"author":1,"featured_media":298,"parent":0,"menu_order":32,"comment_status":"closed","ping_status":"closed","template":"","meta":{"footnotes":""},"class_list":["post-1481","page","type-page","status-publish","has-post-thumbnail","hentry"],"_links":{"self":[{"href":"https:\/\/www.piat.type.pl\/swiat\/wp-json\/wp\/v2\/pages\/1481","targetHints":{"allow":["GET"]}}],"collection":[{"href":"https:\/\/www.piat.type.pl\/swiat\/wp-json\/wp\/v2\/pages"}],"about":[{"href":"https:\/\/www.piat.type.pl\/swiat\/wp-json\/wp\/v2\/types\/page"}],"author":[{"embeddable":true,"href":"https:\/\/www.piat.type.pl\/swiat\/wp-json\/wp\/v2\/users\/1"}],"replies":[{"embeddable":true,"href":"https:\/\/www.piat.type.pl\/swiat\/wp-json\/wp\/v2\/comments?post=1481"}],"version-history":[{"count":1,"href":"https:\/\/www.piat.type.pl\/swiat\/wp-json\/wp\/v2\/pages\/1481\/revisions"}],"predecessor-version":[{"id":1775,"href":"https:\/\/www.piat.type.pl\/swiat\/wp-json\/wp\/v2\/pages\/1481\/revisions\/1775"}],"wp:featuredmedia":[{"embeddable":true,"href":"https:\/\/www.piat.type.pl\/swiat\/wp-json\/wp\/v2\/media\/298"}],"wp:attachment":[{"href":"https:\/\/www.piat.type.pl\/swiat\/wp-json\/wp\/v2\/media?parent=1481"}],"curies":[{"name":"wp","href":"https:\/\/api.w.org\/{rel}","templated":true}]}}

Argentyńczycy

<p style="text-align: justify;">Ten materiał jest plonem wyprawy, która odbyła się w 2011 roku i&nbsp;podążała śladami Pierwszej Polskiej Wyprawy Andyjskiej z 1934 roku. Ale nie są to zdjęcia z Andów. Miejsce, w którym zostały zrobione, jest &#8211; przynajmniej jak na wyprawę górską &#8211; zupełnie nietypowe: są to bowiem zdjęcia z plaży. Chcieliśmy przyjrzeć się mieszkańcom Argentyny &#8211; kraju, w którym większość z nas była po raz pierwszy. A&nbsp;gdzie można było spotkać ich więcej niż w&nbsp;upalny dzień na plaży w&nbsp;okolicach kilkumilionowego Buenos Aires? Właśnie tam Iwona (bo to ona jest autorką wszystkich zdjęć) miała przed obiektywem cały przekrój wiekowy &#8211; od najmłodszych do najstarszych; wszyscy zachowywali się naturalnie, bo przeważnie nie wiedzieli, że są obserwowani i&nbsp;fotografowani. Próbowaliśmy potwierdzić lub obalić rozmaite stereotypy dotyczące Argentyńczyków. Jest zatem wszechobecna yerba mate, jest tango i oczywiście piłka nożna, ale też i&nbsp;inne dyscypliny, włącznie z szachami czy brydżem, bo to również są argentyńskie specjalności. Możemy zobaczyć, jak wyglądają mieszkańcy Argentyny, i zrozumieć, dlaczego ich kraj jest nazywany Europą Ameryki Południowej. Inaczej niż w&nbsp;pozostałych krajach Ameryki, rdzennych Indian jest tu niewielu. Dzisiejsi Argentyńczycy &#8211; to byli Hiszpanie, Włosi, Niemcy, Portugalczycy, Ukraińcy, także Polacy.</p>
<p style="text-align: justify;">W warstwie muzycznej usłyszymy Gotan Project &#8211; zespół, którego specjalnością jest tango w nowoczesnym, elektronicznym wydaniu. Nie rezygnuje on jednak z&nbsp;tradycyjnych instrumentów, a przede wszystkim z najbardziej charakterystycznego dla tanga &#8211; bandoneonu. W Argentynie Gotan Project nie jest szczególnie ceniony, bo to nie jest zespół argentyński. Działa w Paryżu i poza argentyńskim gitarzystą tworzą go Europejczycy. Nie zmienia to faktu, że jest to grupa, która w&nbsp;ostatnich latach zrobiła najwięcej dla popularyzacji nowoczesnego tanga. Wszystkie cztery kawałki pochodzą z płyty &#8222;Tango 3.0&#8221;, do której nagrania muzycy zaprosili kilku gości, niekiedy dość nietypowych. Wykorzystali nawet głos samego Julio Cortazara, który czyta fragment swojej powieści &#8222;Gra w klasy&#8221;. U nas usłyszymy go tylko przez chwilę, zaraz po dziecięcej wyliczance. W drugiej sekwencji pojawi się znany argentyński komentator sportowy Victorio Morales. W&nbsp;kolejnych dwóch utworach wystąpili już piosenkarze &#8211; Christina Vilallonga i Daniel Melingo.</p>

<div id="attachment_385" style="width: 310px" class="wp-caption aligncenter"><a class="fancybox-vimeo" href="http://player.vimeo.com/video/95719379?title=0;byline=0;portrait=0;loop=1;autoplay=1;autopause=1;quality=720p"><img loading="lazy" decoding="async" aria-describedby="caption-attachment-385" class="wp-image-385 size-medium" title="Argentyńczycy" src="https://www.piat.type.pl/swiat/wp-content/uploads/2018/05/argentynczycy-4-300x300.jpg" alt="Film niedostępny!" width="300" height="300"></a><p id="caption-attachment-385" class="wp-caption-text">Kliknij na obrazek, aby zobaczyć film</p></div>
<p><br />
</p>
<p style="text-align: center;">Zdjęcia:<br />
<strong>Iwona Szumacher</strong></p>
<p style="text-align: center;">Muzyka:<br />
<strong>Gotan Project &#8211; &#8222;Tango 3.0&#8221;</strong></p>

<p>Ten materiał jest plonem wyprawy, która odbyła się w 2011 roku i&nbsp;podążała śladami Pierwszej Polskiej Wyprawy Andyjskiej z 1934 roku. Ale nie są to zdjęcia z Andów. Miejsce, w którym zostały zrobione, jest &#8211; przynajmniej jak na wyprawę górską &#8211; zupełnie nietypowe: są to bowiem zdjęcia z plaży. Chcieliśmy przyjrzeć się mieszkańcom Argentyny &#8211; kraju, [&hellip;]</p>
