{"id":1476,"date":"2020-12-06T23:17:18","date_gmt":"2020-12-06T23:17:18","guid":{"rendered":"http:\/\/www.piat.type.pl\/swiat\/?p=1476"},"modified":"2021-06-08T21:01:26","modified_gmt":"2021-06-08T21:01:26","slug":"afryka-na-zimno","status":"publish","type":"page","link":"https:\/\/www.piat.type.pl\/swiat\/afryka-na-zimno\/","title":{"rendered":"Afryka na zimno"},"content":{"rendered":"<p style=\"text-align: justify;\">W czasie wiosennego, czteroosobowego wypadu do Maroka postanowili\u015bmy nieco dok\u0142adniej przyjrze\u0107 si\u0119 g\u00f3rom najwy\u017cszych partii Atlasu. Wybrali\u015bmy tygodniow\u0105 tras\u0119, kt\u00f3rej fina\u0142em by\u0142o wej\u015bcie na najwy\u017cszy szczyt Afryki P\u00f3\u0142nocnej &#8211; Jebel Toubkal (4167 m n.p.m.). Ze wzgl\u0119du na konieczno\u015b\u0107 pokonywania wysokich prze\u0142\u0119czy, na kt\u00f3rych \u015bnieg le\u017cy jeszcze w&nbsp;maju, trasa ta polecana jest raczej na lato. My nie mieli\u015bmy ochoty na afryka\u0144skie upa\u0142y, wi\u0119c wyruszyli\u015bmy jeszcze przed sezonem &#8211; w ostatnim tygodniu kwietnia. Zapewne dlatego, a\u017c do schroniska pod Tubkalem, nie spotkali\u015bmy na trasie \u017cadnego turysty. Zdecydowali\u015bmy si\u0119 na lekki trekking bez namiot\u00f3w, wyposa\u017ceni jedynie w raki, kijki i ciep\u0142e \u015bpiwory. Lekkie plecaki znacznie u\u0142atwia\u0142y pokonywanie du\u017cych r\u00f3\u017cnic wysoko\u015bci, kt\u00f3re na prawie ka\u017cdym z etap\u00f3w przekracza\u0142y 1000 m.<\/p>\n<p style=\"text-align: justify;\">Tradycyjne arabskie klimaty, kt\u00f3re us\u0142yszymy w tle, to muzyka&#8230; polskiego kompozytora Marka \u0141uczaka &#8211; historyka, na co dzie\u0144 policjanta, przede wszystkim jednak &#8211; pasjonata muzyki elektronicznej. Utw\u00f3r &#8222;Tanger&#8221; inspirowany ludow\u0105 muzyk\u0105 maroka\u0144sk\u0105, zosta\u0142 wydany na p\u0142ycie, z kt\u00f3rej doch\u00f3d zosta\u0142 w&nbsp;ca\u0142o\u015bci przeznaczony na cel charytatywny.<\/p>\n\n<div id=\"attachment_387\" style=\"width: 310px\" class=\"wp-caption aligncenter\"><a class=\"fancybox-vimeo\" href=\"http:\/\/player.vimeo.com\/video\/276127395?title=0;byline=0;portrait=0;autoplay=1;loop=1;quality=720p\"><img loading=\"lazy\" decoding=\"async\" aria-describedby=\"caption-attachment-387\" class=\"wp-image-387 size-medium\" title=\"Afryka na zimno\" src=\"https:\/\/www.piat.type.pl\/swiat\/wp-content\/uploads\/2018\/05\/afrykanazimno-4-300x300.jpg\" alt=\"\" width=\"300\" height=\"300\"><\/a><p id=\"caption-attachment-387\" class=\"wp-caption-text\">Kliknij na obrazek, aby zobaczy\u0107 film<\/p><\/div>\n<p><br \/>\n<\/p>\n<p style=\"text-align: center;\">Zdj\u0119cia:<br \/>\n<strong>Andrzej Pi\u0105tek<br \/>\nRegina Pi\u0105tek<br \/>\nS\u0142awek Bogus\u0142awski<br \/>\nJanek Lisowiec<\/strong><\/p>\n<p style=\"text-align: center;\">Muzyka:<br \/>\n<strong>Outsider &#8211; &#8222;Tanger&#8221;<\/strong><\/p>\n","protected":false},"excerpt":{"rendered":"<p>W czasie wiosennego, czteroosobowego wypadu do Maroka postanowili\u015bmy nieco dok\u0142adniej przyjrze\u0107 si\u0119 g\u00f3rom najwy\u017cszych partii Atlasu. Wybrali\u015bmy tygodniow\u0105 tras\u0119, kt\u00f3rej fina\u0142em by\u0142o wej\u015bcie na najwy\u017cszy szczyt Afryki P\u00f3\u0142nocnej &#8211; Jebel Toubkal (4167 m n.p.m.). Ze wzgl\u0119du na konieczno\u015b\u0107 pokonywania wysokich prze\u0142\u0119czy, na kt\u00f3rych \u015bnieg le\u017cy jeszcze w&nbsp;maju, trasa ta polecana jest raczej na lato. My [&hellip;]<\/p>\n","protected":false},"author":1,"featured_media":300,"parent":0,"menu_order":18,"comment_status":"closed","ping_status":"closed","template":"","meta":{"footnotes":""},"class_list":["post-1476","page","type-page","status-publish","has-post-thumbnail","hentry"],"_links":{"self":[{"href":"https:\/\/www.piat.type.pl\/swiat\/wp-json\/wp\/v2\/pages\/1476","targetHints":{"allow":["GET"]}}],"collection":[{"href":"https:\/\/www.piat.type.pl\/swiat\/wp-json\/wp\/v2\/pages"}],"about":[{"href":"https:\/\/www.piat.type.pl\/swiat\/wp-json\/wp\/v2\/types\/page"}],"author":[{"embeddable":true,"href":"https:\/\/www.piat.type.pl\/swiat\/wp-json\/wp\/v2\/users\/1"}],"replies":[{"embeddable":true,"href":"https:\/\/www.piat.type.pl\/swiat\/wp-json\/wp\/v2\/comments?post=1476"}],"version-history":[{"count":1,"href":"https:\/\/www.piat.type.pl\/swiat\/wp-json\/wp\/v2\/pages\/1476\/revisions"}],"predecessor-version":[{"id":1766,"href":"https:\/\/www.piat.type.pl\/swiat\/wp-json\/wp\/v2\/pages\/1476\/revisions\/1766"}],"wp:featuredmedia":[{"embeddable":true,"href":"https:\/\/www.piat.type.pl\/swiat\/wp-json\/wp\/v2\/media\/300"}],"wp:attachment":[{"href":"https:\/\/www.piat.type.pl\/swiat\/wp-json\/wp\/v2\/media?parent=1476"}],"curies":[{"name":"wp","href":"https:\/\/api.w.org\/{rel}","templated":true}]}}

<p style="text-align: justify;">W czasie wiosennego, czteroosobowego wypadu do Maroka postanowiliśmy nieco dokładniej przyjrzeć się górom najwyższych partii Atlasu. Wybraliśmy tygodniową trasę, której finałem było wejście na najwyższy szczyt Afryki Północnej &#8211; Jebel Toubkal (4167 m n.p.m.). Ze względu na konieczność pokonywania wysokich przełęczy, na których śnieg leży jeszcze w&nbsp;maju, trasa ta polecana jest raczej na lato. My nie mieliśmy ochoty na afrykańskie upały, więc wyruszyliśmy jeszcze przed sezonem &#8211; w ostatnim tygodniu kwietnia. Zapewne dlatego, aż do schroniska pod Tubkalem, nie spotkaliśmy na trasie żadnego turysty. Zdecydowaliśmy się na lekki trekking bez namiotów, wyposażeni jedynie w raki, kijki i ciepłe śpiwory. Lekkie plecaki znacznie ułatwiały pokonywanie dużych różnic wysokości, które na prawie każdym z etapów przekraczały 1000 m.</p>
<p style="text-align: justify;">Tradycyjne arabskie klimaty, które usłyszymy w tle, to muzyka&#8230; polskiego kompozytora Marka Łuczaka &#8211; historyka, na co dzień policjanta, przede wszystkim jednak &#8211; pasjonata muzyki elektronicznej. Utwór &#8222;Tanger&#8221; inspirowany ludową muzyką marokańską, został wydany na płycie, z której dochód został w&nbsp;całości przeznaczony na cel charytatywny.</p>

<div id="attachment_387" style="width: 310px" class="wp-caption aligncenter"><a class="fancybox-vimeo" href="http://player.vimeo.com/video/276127395?title=0;byline=0;portrait=0;autoplay=1;loop=1;quality=720p"><img loading="lazy" decoding="async" aria-describedby="caption-attachment-387" class="wp-image-387 size-medium" title="Afryka na zimno" src="https://www.piat.type.pl/swiat/wp-content/uploads/2018/05/afrykanazimno-4-300x300.jpg" alt="" width="300" height="300"></a><p id="caption-attachment-387" class="wp-caption-text">Kliknij na obrazek, aby zobaczyć film</p></div>
<p><br />
</p>
<p style="text-align: center;">Zdjęcia:<br />
<strong>Andrzej Piątek<br />
Regina Piątek<br />
Sławek Bogusławski<br />
Janek Lisowiec</strong></p>
<p style="text-align: center;">Muzyka:<br />
<strong>Outsider &#8211; &#8222;Tanger&#8221;</strong></p>

<p>W czasie wiosennego, czteroosobowego wypadu do Maroka postanowiliśmy nieco dokładniej przyjrzeć się górom najwyższych partii Atlasu. Wybraliśmy tygodniową trasę, której finałem było wejście na najwyższy szczyt Afryki Północnej &#8211; Jebel Toubkal (4167 m n.p.m.). Ze względu na konieczność pokonywania wysokich przełęczy, na których śnieg leży jeszcze w&nbsp;maju, trasa ta polecana jest raczej na lato. My [&hellip;]</p>
