{"id":1471,"date":"2020-12-06T23:15:56","date_gmt":"2020-12-06T23:15:56","guid":{"rendered":"http:\/\/www.piat.type.pl\/swiat\/?p=1471"},"modified":"2022-03-09T15:57:00","modified_gmt":"2022-03-09T15:57:00","slug":"puszcza-bialowieska","status":"publish","type":"page","link":"https:\/\/www.piat.type.pl\/swiat\/puszcza-bialowieska\/","title":{"rendered":"Puszcza Bia\u0142owieska"},"content":{"rendered":"<p style=\"text-align: justify;\">M\u00f3wi\u0105c o Puszczy Bia\u0142owieskiej trudno unikn\u0105\u0107 nawi\u0105za\u0144 do tego, co si\u0119 tam ostatnio dzia\u0142o. Zreszt\u0105 chyba nie ma powodu, aby ich unika\u0107 &#8211; wr\u0119cz przeciwnie. Zdj\u0119cia pochodz\u0105 z kwietnia 2016 roku; czarne chmury nad &#8222;odzyskan\u0105&#8221; Puszcz\u0105 zaczyna\u0142y si\u0119 ju\u017c zbiera\u0107, ale to, co najgorsze, mia\u0142o dopiero nast\u0105pi\u0107.<\/p>\n<p style=\"text-align: justify;\">Piosenka &#8222;Zielona Pani Ziemio&#8221; ukaza\u0142a si\u0119 na p\u0142ycie Maryli Rodowicz &#8222;Jest Cudnie&#8221; z 2008 roku, ale to nie Maryla j\u0105 wykonywa\u0142a, tylko go\u015bcinnie autor muzyki &#8211; Seweryn Krajewski. Pi\u0119\u0107 lat p\u00f3\u017aniej pojawi\u0142o si\u0119 drugie autorskie wykonanie, na p\u0142ycie autora tekstu &#8211; Andrzeja Poniedzielskiego. Wybra\u0142em t\u0119 drug\u0105 wersj\u0119.<\/p>\n\n<div id=\"attachment_365\" style=\"width: 310px\" class=\"wp-caption aligncenter\"><a class=\"fancybox-vimeo\" href=\"http:\/\/player.vimeo.com\/video\/276331997?title=0;byline=0;portrait=0;autoplay=1;loop=1;quality=720p\"><img loading=\"lazy\" decoding=\"async\" aria-describedby=\"caption-attachment-365\" class=\"wp-image-365 size-medium\" title=\"Puszcza Bia\u0142owieska\" src=\"https:\/\/www.piat.type.pl\/swiat\/wp-content\/uploads\/2018\/05\/puszczabialowieska-4-300x300.jpg\" alt=\"\" width=\"300\" height=\"300\"><\/a><p id=\"caption-attachment-365\" class=\"wp-caption-text\">Kliknij na obrazek, aby zobaczy\u0107 film<\/p><\/div>\n<p><br \/>\n<\/p>\n<p style=\"text-align: center;\">Zdj\u0119cia:<br \/>\n<strong>Regina i Andrzej Pi\u0105tek<\/strong><\/p>\n<p style=\"text-align: center;\">Piosenka:<br \/>\n<strong>Seweryn Krajewski &#8211; &#8222;Zielona Pani Ziemio&#8221;<\/strong><br \/>\ns\u0142owa i wykonanie: <strong>Andrzej Poniedzielski<\/strong><\/p>\n","protected":false},"excerpt":{"rendered":"<p>M\u00f3wi\u0105c o Puszczy Bia\u0142owieskiej trudno unikn\u0105\u0107 nawi\u0105za\u0144 do tego, co si\u0119 tam ostatnio dzia\u0142o. Zreszt\u0105 chyba nie ma powodu, aby ich unika\u0107 &#8211; wr\u0119cz przeciwnie. Zdj\u0119cia pochodz\u0105 z kwietnia 2016 roku; czarne chmury nad &#8222;odzyskan\u0105&#8221; Puszcz\u0105 zaczyna\u0142y si\u0119 ju\u017c zbiera\u0107, ale to, co najgorsze, mia\u0142o dopiero nast\u0105pi\u0107. Piosenka &#8222;Zielona Pani Ziemio&#8221; ukaza\u0142a si\u0119 na p\u0142ycie [&hellip;]<\/p>\n","protected":false},"author":1,"featured_media":277,"parent":0,"menu_order":11,"comment_status":"closed","ping_status":"closed","template":"","meta":{"footnotes":""},"class_list":["post-1471","page","type-page","status-publish","has-post-thumbnail","hentry"],"_links":{"self":[{"href":"https:\/\/www.piat.type.pl\/swiat\/wp-json\/wp\/v2\/pages\/1471","targetHints":{"allow":["GET"]}}],"collection":[{"href":"https:\/\/www.piat.type.pl\/swiat\/wp-json\/wp\/v2\/pages"}],"about":[{"href":"https:\/\/www.piat.type.pl\/swiat\/wp-json\/wp\/v2\/types\/page"}],"author":[{"embeddable":true,"href":"https:\/\/www.piat.type.pl\/swiat\/wp-json\/wp\/v2\/users\/1"}],"replies":[{"embeddable":true,"href":"https:\/\/www.piat.type.pl\/swiat\/wp-json\/wp\/v2\/comments?post=1471"}],"version-history":[{"count":1,"href":"https:\/\/www.piat.type.pl\/swiat\/wp-json\/wp\/v2\/pages\/1471\/revisions"}],"predecessor-version":[{"id":1814,"href":"https:\/\/www.piat.type.pl\/swiat\/wp-json\/wp\/v2\/pages\/1471\/revisions\/1814"}],"wp:featuredmedia":[{"embeddable":true,"href":"https:\/\/www.piat.type.pl\/swiat\/wp-json\/wp\/v2\/media\/277"}],"wp:attachment":[{"href":"https:\/\/www.piat.type.pl\/swiat\/wp-json\/wp\/v2\/media?parent=1471"}],"curies":[{"name":"wp","href":"https:\/\/api.w.org\/{rel}","templated":true}]}}

Puszcza Białowieska

<p style="text-align: justify;">Mówiąc o Puszczy Białowieskiej trudno uniknąć nawiązań do tego, co się tam ostatnio działo. Zresztą chyba nie ma powodu, aby ich unikać &#8211; wręcz przeciwnie. Zdjęcia pochodzą z kwietnia 2016 roku; czarne chmury nad &#8222;odzyskaną&#8221; Puszczą zaczynały się już zbierać, ale to, co najgorsze, miało dopiero nastąpić.</p>
<p style="text-align: justify;">Piosenka &#8222;Zielona Pani Ziemio&#8221; ukazała się na płycie Maryli Rodowicz &#8222;Jest Cudnie&#8221; z 2008 roku, ale to nie Maryla ją wykonywała, tylko gościnnie autor muzyki &#8211; Seweryn Krajewski. Pięć lat później pojawiło się drugie autorskie wykonanie, na płycie autora tekstu &#8211; Andrzeja Poniedzielskiego. Wybrałem tę drugą wersję.</p>

<div id="attachment_365" style="width: 310px" class="wp-caption aligncenter"><a class="fancybox-vimeo" href="http://player.vimeo.com/video/276331997?title=0;byline=0;portrait=0;autoplay=1;loop=1;quality=720p"><img loading="lazy" decoding="async" aria-describedby="caption-attachment-365" class="wp-image-365 size-medium" title="Puszcza Białowieska" src="https://www.piat.type.pl/swiat/wp-content/uploads/2018/05/puszczabialowieska-4-300x300.jpg" alt="" width="300" height="300"></a><p id="caption-attachment-365" class="wp-caption-text">Kliknij na obrazek, aby zobaczyć film</p></div>
<p><br />
</p>
<p style="text-align: center;">Zdjęcia:<br />
<strong>Regina i Andrzej Piątek</strong></p>
<p style="text-align: center;">Piosenka:<br />
<strong>Seweryn Krajewski &#8211; &#8222;Zielona Pani Ziemio&#8221;</strong><br />
słowa i wykonanie: <strong>Andrzej Poniedzielski</strong></p>

<p>Mówiąc o Puszczy Białowieskiej trudno uniknąć nawiązań do tego, co się tam ostatnio działo. Zresztą chyba nie ma powodu, aby ich unikać &#8211; wręcz przeciwnie. Zdjęcia pochodzą z kwietnia 2016 roku; czarne chmury nad &#8222;odzyskaną&#8221; Puszczą zaczynały się już zbierać, ale to, co najgorsze, miało dopiero nastąpić. Piosenka &#8222;Zielona Pani Ziemio&#8221; ukazała się na płycie [&hellip;]</p>
