{"id":1468,"date":"2020-12-06T23:14:21","date_gmt":"2020-12-06T23:14:21","guid":{"rendered":"http:\/\/www.piat.type.pl\/swiat\/?p=1468"},"modified":"2021-05-09T15:25:20","modified_gmt":"2021-05-09T15:25:20","slug":"altiplano","status":"publish","type":"page","link":"https:\/\/www.piat.type.pl\/swiat\/altiplano\/","title":{"rendered":"Altiplano"},"content":{"rendered":"<p style=\"text-align: justify;\">P\u0142askowy\u017c Altiplano le\u017cy pomi\u0119dzy dwoma r\u00f3wnoleg\u0142ymi pasmami And\u00f3w &#8211; Kordylier\u0105 Zachodni\u0105 i Kordylier\u0105 Wschodni\u0105. Ci\u0105gnie si\u0119 od po\u0142udniowych brzeg\u00f3w jeziora Titicaca w Peru przez Boliwi\u0119 i dalej &#8211; ju\u017c w Argentynie &#8211; przechodzi w Pun\u0119 de Atacama. W jego centralnej cz\u0119\u015bci, w otoczeniu najwy\u017cszego szczytu Boliwii &#8211; Sajamy, znajduje si\u0119 park narodowy o tej samej nazwie znany z pi\u0119knych krajobraz\u00f3w. Sk\u0142adaj\u0105 si\u0119 na nie strzeliste wulkany, gejzery, moczary, stada pas\u0105cych si\u0119 alpak i unikalne lasy que\u00f1oa &#8211; podobno najwy\u017cej po\u0142o\u017cone lasy na \u015bwiecie. Park le\u017cy na wysoko\u015bci 4200 m n.p.m, w\u0119drowali\u015bmy po nim zim\u0105 (tamtejsz\u0105) 2015 roku aklimatyzuj\u0105c si\u0119 przed planowanym wej\u015bciem na Sajam\u0119.<\/p>\n<p style=\"text-align: justify;\">Gra\u0142 b\u0119dzie Jaime Torres &#8211; Argenty\u0144czyk o boliwijskich korzeniach, wirtuoz <em>charango<\/em> &#8211; tradycyjnego andyjskiego instrumentu strunowego, kt\u00f3rego korpus wykonywano kiedy\u015b ze skorupy pancernika.<\/p>\n\n<div id=\"attachment_878\" style=\"width: 310px\" class=\"wp-caption aligncenter\"><a class=\"fancybox-vimeo\" href=\"http:\/\/player.vimeo.com\/video\/277697478?title=0;byline=0;portrait=0;autoplay=1;loop=1;quality=720p\"><img loading=\"lazy\" decoding=\"async\" aria-describedby=\"caption-attachment-878\" class=\"wp-image-878 size-medium\" title=\"Altiplano\" src=\"https:\/\/www.piat.type.pl\/swiat\/wp-content\/uploads\/2018\/07\/sajama-4-300x300.jpg\" alt=\"\" width=\"300\" height=\"300\"><\/a><p id=\"caption-attachment-878\" class=\"wp-caption-text\">Kliknij na obrazek, aby zobaczy\u0107 film<\/p><\/div>\n<p><br \/>\n<\/p>\n<p style=\"text-align: center;\">Zdj\u0119cia:<br \/>\n<strong>Andrzej Pi\u0105tek<br \/>\nIwona Szumacher<br \/>\nMateusz G\u0105tkowski<br \/>\nJacek Sidlarewicz<\/strong><\/p>\n<p style=\"text-align: center;\">Muzyka:<br \/>\n<strong>Jaime Torres &#8211; &#8222;Musica del altiplano&#8221;<\/strong><\/p>\n","protected":false},"excerpt":{"rendered":"<p>P\u0142askowy\u017c Altiplano le\u017cy pomi\u0119dzy dwoma r\u00f3wnoleg\u0142ymi pasmami And\u00f3w &#8211; Kordylier\u0105 Zachodni\u0105 i Kordylier\u0105 Wschodni\u0105. Ci\u0105gnie si\u0119 od po\u0142udniowych brzeg\u00f3w jeziora Titicaca w Peru przez Boliwi\u0119 i dalej &#8211; ju\u017c w Argentynie &#8211; przechodzi w Pun\u0119 de Atacama. W jego centralnej cz\u0119\u015bci, w otoczeniu najwy\u017cszego szczytu Boliwii &#8211; Sajamy, znajduje si\u0119 park narodowy o tej samej [&hellip;]<\/p>\n","protected":false},"author":1,"featured_media":879,"parent":0,"menu_order":8,"comment_status":"closed","ping_status":"closed","template":"","meta":{"footnotes":""},"class_list":["post-1468","page","type-page","status-publish","has-post-thumbnail","hentry"],"_links":{"self":[{"href":"https:\/\/www.piat.type.pl\/swiat\/wp-json\/wp\/v2\/pages\/1468","targetHints":{"allow":["GET"]}}],"collection":[{"href":"https:\/\/www.piat.type.pl\/swiat\/wp-json\/wp\/v2\/pages"}],"about":[{"href":"https:\/\/www.piat.type.pl\/swiat\/wp-json\/wp\/v2\/types\/page"}],"author":[{"embeddable":true,"href":"https:\/\/www.piat.type.pl\/swiat\/wp-json\/wp\/v2\/users\/1"}],"replies":[{"embeddable":true,"href":"https:\/\/www.piat.type.pl\/swiat\/wp-json\/wp\/v2\/comments?post=1468"}],"version-history":[{"count":1,"href":"https:\/\/www.piat.type.pl\/swiat\/wp-json\/wp\/v2\/pages\/1468\/revisions"}],"predecessor-version":[{"id":1759,"href":"https:\/\/www.piat.type.pl\/swiat\/wp-json\/wp\/v2\/pages\/1468\/revisions\/1759"}],"wp:featuredmedia":[{"embeddable":true,"href":"https:\/\/www.piat.type.pl\/swiat\/wp-json\/wp\/v2\/media\/879"}],"wp:attachment":[{"href":"https:\/\/www.piat.type.pl\/swiat\/wp-json\/wp\/v2\/media?parent=1468"}],"curies":[{"name":"wp","href":"https:\/\/api.w.org\/{rel}","templated":true}]}}

<p style="text-align: justify;">Płaskowyż Altiplano leży pomiędzy dwoma równoległymi pasmami Andów &#8211; Kordylierą Zachodnią i Kordylierą Wschodnią. Ciągnie się od południowych brzegów jeziora Titicaca w Peru przez Boliwię i dalej &#8211; już w Argentynie &#8211; przechodzi w Punę de Atacama. W jego centralnej części, w otoczeniu najwyższego szczytu Boliwii &#8211; Sajamy, znajduje się park narodowy o tej samej nazwie znany z pięknych krajobrazów. Składają się na nie strzeliste wulkany, gejzery, moczary, stada pasących się alpak i unikalne lasy queñoa &#8211; podobno najwyżej położone lasy na świecie. Park leży na wysokości 4200 m n.p.m, wędrowaliśmy po nim zimą (tamtejszą) 2015 roku aklimatyzując się przed planowanym wejściem na Sajamę.</p>
<p style="text-align: justify;">Grał będzie Jaime Torres &#8211; Argentyńczyk o boliwijskich korzeniach, wirtuoz <em>charango</em> &#8211; tradycyjnego andyjskiego instrumentu strunowego, którego korpus wykonywano kiedyś ze skorupy pancernika.</p>

<div id="attachment_878" style="width: 310px" class="wp-caption aligncenter"><a class="fancybox-vimeo" href="http://player.vimeo.com/video/277697478?title=0;byline=0;portrait=0;autoplay=1;loop=1;quality=720p"><img loading="lazy" decoding="async" aria-describedby="caption-attachment-878" class="wp-image-878 size-medium" title="Altiplano" src="https://www.piat.type.pl/swiat/wp-content/uploads/2018/07/sajama-4-300x300.jpg" alt="" width="300" height="300"></a><p id="caption-attachment-878" class="wp-caption-text">Kliknij na obrazek, aby zobaczyć film</p></div>
<p><br />
</p>
<p style="text-align: center;">Zdjęcia:<br />
<strong>Andrzej Piątek<br />
Iwona Szumacher<br />
Mateusz Gątkowski<br />
Jacek Sidlarewicz</strong></p>
<p style="text-align: center;">Muzyka:<br />
<strong>Jaime Torres &#8211; &#8222;Musica del altiplano&#8221;</strong></p>

<p>Płaskowyż Altiplano leży pomiędzy dwoma równoległymi pasmami Andów &#8211; Kordylierą Zachodnią i Kordylierą Wschodnią. Ciągnie się od południowych brzegów jeziora Titicaca w Peru przez Boliwię i dalej &#8211; już w Argentynie &#8211; przechodzi w Punę de Atacama. W jego centralnej części, w otoczeniu najwyższego szczytu Boliwii &#8211; Sajamy, znajduje się park narodowy o tej samej [&hellip;]</p>
