{"id":1463,"date":"2020-12-06T23:11:57","date_gmt":"2020-12-06T23:11:57","guid":{"rendered":"http:\/\/www.piat.type.pl\/swiat\/?p=1463"},"modified":"2021-11-11T18:44:08","modified_gmt":"2021-11-11T18:44:08","slug":"las","status":"publish","type":"page","link":"https:\/\/www.piat.type.pl\/swiat\/las\/","title":{"rendered":"Las"},"content":{"rendered":"<p style=\"text-align: justify;\">Jesie\u0144 roku 2018 &#8211; d\u0142uga i wyj\u0105tkowo pi\u0119kna. Tytu\u0142owy las, to Puszcza Kampinoska. Nikt nie fotografuje jej lepiej ni\u017c Wojtek Wojewoda. Zdj\u0119cia podebra\u0142em (za zgod\u0105 Autora) z jego album\u00f3w &#8222;Kolory Puszczy Kampinoskiej&#8221; i&nbsp;&#8222;Barwy Jesieni w Puszczy Kampinoskiej&#8221;<\/p>\n<p style=\"text-align: justify;\">W jesienny nastr\u00f3j wpasowa\u0142a si\u0119 Maryla Rodowicz. Piosenka pochodzi z&nbsp;wydanej rok wcze\u015bniej p\u0142yty &#8222;Ach \u015bwiecie&#8230;&#8221;, na kt\u00f3rej znajdziemy wi\u0119cej takich refleksyjnych, jesiennych kawa\u0142k\u00f3w.<\/p>\n\n<div id=\"attachment_999\" style=\"width: 310px\" class=\"wp-caption aligncenter\"><a class=\"fancybox-vimeo\" href=\"http:\/\/player.vimeo.com\/video\/276987172?title=0;byline=0;portrait=0;autoplay=1;loop=1;quality=720p\"><img loading=\"lazy\" decoding=\"async\" aria-describedby=\"caption-attachment-999\" class=\"wp-image-999 size-medium\" title=\"Las\" src=\"https:\/\/www.piat.type.pl\/swiat\/wp-content\/uploads\/2019\/03\/las1-4-300x300.jpg\" alt=\"\" width=\"300\" height=\"300\"><\/a><p id=\"caption-attachment-999\" class=\"wp-caption-text\">Kliknij na obrazek, aby zobaczy\u0107 film<\/p><\/div>\n<p><br \/>\n<\/p>\n<p style=\"text-align: center;\">Zdj\u0119cia:<br \/>\n<strong> Wojciech Wojewoda<\/strong><\/p>\n<p style=\"text-align: center;\">Piosenka:<br \/>\n<strong> Maryla Rodowicz &#8211; &#8222;Las&#8221;<\/strong><\/p>\n","protected":false},"excerpt":{"rendered":"<p>Jesie\u0144 roku 2018 &#8211; d\u0142uga i wyj\u0105tkowo pi\u0119kna. Tytu\u0142owy las, to Puszcza Kampinoska. Nikt nie fotografuje jej lepiej ni\u017c Wojtek Wojewoda. Zdj\u0119cia podebra\u0142em (za zgod\u0105 Autora) z jego album\u00f3w &#8222;Kolory Puszczy Kampinoskiej&#8221; i&nbsp;&#8222;Barwy Jesieni w Puszczy Kampinoskiej&#8221; W jesienny nastr\u00f3j wpasowa\u0142a si\u0119 Maryla Rodowicz. Piosenka pochodzi z&nbsp;wydanej rok wcze\u015bniej p\u0142yty &#8222;Ach \u015bwiecie&#8230;&#8221;, na kt\u00f3rej znajdziemy [&hellip;]<\/p>\n","protected":false},"author":1,"featured_media":1066,"parent":0,"menu_order":2,"comment_status":"closed","ping_status":"closed","template":"","meta":{"footnotes":""},"class_list":["post-1463","page","type-page","status-publish","has-post-thumbnail","hentry"],"_links":{"self":[{"href":"https:\/\/www.piat.type.pl\/swiat\/wp-json\/wp\/v2\/pages\/1463","targetHints":{"allow":["GET"]}}],"collection":[{"href":"https:\/\/www.piat.type.pl\/swiat\/wp-json\/wp\/v2\/pages"}],"about":[{"href":"https:\/\/www.piat.type.pl\/swiat\/wp-json\/wp\/v2\/types\/page"}],"author":[{"embeddable":true,"href":"https:\/\/www.piat.type.pl\/swiat\/wp-json\/wp\/v2\/users\/1"}],"replies":[{"embeddable":true,"href":"https:\/\/www.piat.type.pl\/swiat\/wp-json\/wp\/v2\/comments?post=1463"}],"version-history":[{"count":1,"href":"https:\/\/www.piat.type.pl\/swiat\/wp-json\/wp\/v2\/pages\/1463\/revisions"}],"predecessor-version":[{"id":1806,"href":"https:\/\/www.piat.type.pl\/swiat\/wp-json\/wp\/v2\/pages\/1463\/revisions\/1806"}],"wp:featuredmedia":[{"embeddable":true,"href":"https:\/\/www.piat.type.pl\/swiat\/wp-json\/wp\/v2\/media\/1066"}],"wp:attachment":[{"href":"https:\/\/www.piat.type.pl\/swiat\/wp-json\/wp\/v2\/media?parent=1463"}],"curies":[{"name":"wp","href":"https:\/\/api.w.org\/{rel}","templated":true}]}}

<p style="text-align: justify;">Jesień roku 2018 &#8211; długa i wyjątkowo piękna. Tytułowy las, to Puszcza Kampinoska. Nikt nie fotografuje jej lepiej niż Wojtek Wojewoda. Zdjęcia podebrałem (za zgodą Autora) z jego albumów &#8222;Kolory Puszczy Kampinoskiej&#8221; i&nbsp;&#8222;Barwy Jesieni w Puszczy Kampinoskiej&#8221;</p>
<p style="text-align: justify;">W jesienny nastrój wpasowała się Maryla Rodowicz. Piosenka pochodzi z&nbsp;wydanej rok wcześniej płyty &#8222;Ach świecie&#8230;&#8221;, na której znajdziemy więcej takich refleksyjnych, jesiennych kawałków.</p>

<div id="attachment_999" style="width: 310px" class="wp-caption aligncenter"><a class="fancybox-vimeo" href="http://player.vimeo.com/video/276987172?title=0;byline=0;portrait=0;autoplay=1;loop=1;quality=720p"><img loading="lazy" decoding="async" aria-describedby="caption-attachment-999" class="wp-image-999 size-medium" title="Las" src="https://www.piat.type.pl/swiat/wp-content/uploads/2019/03/las1-4-300x300.jpg" alt="" width="300" height="300"></a><p id="caption-attachment-999" class="wp-caption-text">Kliknij na obrazek, aby zobaczyć film</p></div>
<p><br />
</p>
<p style="text-align: center;">Zdjęcia:<br />
<strong> Wojciech Wojewoda</strong></p>
<p style="text-align: center;">Piosenka:<br />
<strong> Maryla Rodowicz &#8211; &#8222;Las&#8221;</strong></p>

<p>Jesień roku 2018 &#8211; długa i wyjątkowo piękna. Tytułowy las, to Puszcza Kampinoska. Nikt nie fotografuje jej lepiej niż Wojtek Wojewoda. Zdjęcia podebrałem (za zgodą Autora) z jego albumów &#8222;Kolory Puszczy Kampinoskiej&#8221; i&nbsp;&#8222;Barwy Jesieni w Puszczy Kampinoskiej&#8221; W jesienny nastrój wpasowała się Maryla Rodowicz. Piosenka pochodzi z&nbsp;wydanej rok wcześniej płyty &#8222;Ach świecie&#8230;&#8221;, na której znajdziemy [&hellip;]</p>
