{"id":1460,"date":"2020-12-06T23:08:50","date_gmt":"2020-12-06T23:08:50","guid":{"rendered":"http:\/\/www.piat.type.pl\/swiat\/?p=1460"},"modified":"2022-10-18T22:01:00","modified_gmt":"2022-10-18T22:01:00","slug":"horyzont","status":"publish","type":"page","link":"https:\/\/www.piat.type.pl\/swiat\/horyzont\/","title":{"rendered":"Horyzont"},"content":{"rendered":"<!-- Added by Post\/Page Specific Custom Code plugin, thank you for using! -->\n<style>.blog-title { pointer-events: none; }\r\n.main-menu { pointer-events: none; display: none; }\r\n.post-navigation { pointer-events: none; }\r\n.credits { pointer-events: none; display: none; }<\/style>\n\r\n<p style=\"text-align: justify\">Morze i pla\u017ca to nie jest naturalne \u015brodowisko dla kogo\u015b, kto najlepiej czuje si\u0119 w&nbsp;g\u00f3rach. Mimo tego od pewnego czasu, ka\u017cdego roku robimy kr\u00f3tki wypad nad Ba\u0142tyk, aby pos\u0142ucha\u0107 szumu fal i do\u0142o\u017cy\u0107 kolejny kawa\u0142ek do projektu przej\u015bcia pla\u017c\u0105 wzd\u0142u\u017c polskiego wybrze\u017ca morskiego. Ca\u0142a trasa nadaj\u0105ca si\u0119 do przej\u015bcia to ok. 440 km, z czego najbardziej godna polecenia jest ci\u0105g\u0142a cz\u0119\u015b\u0107 mi\u0119dzy \u015awinouj\u015bciem a Helem licz\u0105ca ok. 350 km. Na jej pokonanie potrzeba ok. 12 dni. Wiele u\u017cytecznych informacji dla zainteresowanych tym przedsi\u0119wzi\u0119ciem dostarcza Serwis Ba\u0142tyckich D\u0142ugodystansowc\u00f3w <a href=\"https:\/\/popiasku.pl\/\">PoPiasku.pl<\/a>.<\/p>\r\n\r\n\r\n\r\n<p style=\"text-align: justify\"> Pomimo sta\u0142ej obecno\u015bci piasku, wody i horyzontu, monotonia nadmorskiego krajobrazu jest pozorna, bo zmienia si\u0119 on wraz z por\u0105 dnia i pogod\u0105, a&nbsp;urozmaicaj\u0105 go kolejne znaleziska &#8211; formy tworzone przez przyrod\u0119 albo ludzi. W trakcie wielogodzinnej w\u0119dr\u00f3wki w takim otoczeniu r\u00f3\u017cne dziwne my\u015bli przychodz\u0105 do g\u0142owy, a czasem przypomina si\u0119, \u017ce kto\u015b zdolny ju\u017c kiedy\u015b ubra\u0142 je w s\u0142owa. Nie wiem co by\u0142o inspiracj\u0105 dla Adama Nowaka &#8211; lidera grupy Raz Dwa Trzy &#8211; kiedy pisa\u0142 tekst piosenki &#8222;Dalej ni\u017c si\u0119ga my\u015bl&#8221;, ale wcale bym si\u0119 nie zdziwi\u0142, gdyby by\u0142a to w\u0119dr\u00f3wka morskim wybrze\u017cem. <\/p>\r\n\r\n\r\n\r\n\r\n\r\n\r\n\r\n<div class=\"wp-block-image fancybox-vimeo\"><figure class=\"aligncenter is-resized\"><a class=\"fancybox-vimeo\" href=\"http:\/\/player.vimeo.com\/video\/363562286?title=0;byline=0;portrait=0;autoplay=1;loop=1;quality=720p\"><img loading=\"lazy\" decoding=\"async\" src=\"https:\/\/www.piat.type.pl\/swiat\/wp-content\/uploads\/2019\/10\/horyzont-4-300x300.jpg\" alt=\"Horyzont\" class=\"wp-image-1159\" width=\"300\" height=\"300\"\/><\/a><figcaption>Kliknij na obrazek, aby zobaczy\u0107 film<\/figcaption><\/figure><\/div>\r\n\r\n\r\n\r\n<p><br><\/p>\r\n\r\n\r\n\r\n<p class=\"has-text-align-center\">Zdj\u0119cia:<br><strong>Andrzej Pi\u0105tek<br>Regina Pi\u0105tek<\/strong><\/p>\r\n\r\n\r\n\r\n<p class=\"has-text-align-center\">Piosenka:<br><strong> Raz Dwa Trzy &#8211; &#8222;Dalej ni\u017c si\u0119ga my\u015bl&#8221;<\/strong><\/p>\r\n","protected":false},"excerpt":{"rendered":"<p>Morze i pla\u017ca to nie jest naturalne \u015brodowisko dla kogo\u015b, kto najlepiej czuje si\u0119 w&nbsp;g\u00f3rach. Mimo tego od pewnego czasu, ka\u017cdego roku robimy kr\u00f3tki wypad nad Ba\u0142tyk, aby pos\u0142ucha\u0107 szumu fal i do\u0142o\u017cy\u0107 kolejny kawa\u0142ek do projektu przej\u015bcia pla\u017c\u0105 wzd\u0142u\u017c polskiego wybrze\u017ca morskiego. Ca\u0142a trasa nadaj\u0105ca si\u0119 do przej\u015bcia to ok. 440 km, z czego [&hellip;]<\/p>\n","protected":false},"author":1,"featured_media":1160,"parent":0,"menu_order":0,"comment_status":"closed","ping_status":"closed","template":"","meta":{"footnotes":""},"class_list":["post-1460","page","type-page","status-publish","has-post-thumbnail","hentry"],"_links":{"self":[{"href":"https:\/\/www.piat.type.pl\/swiat\/wp-json\/wp\/v2\/pages\/1460","targetHints":{"allow":["GET"]}}],"collection":[{"href":"https:\/\/www.piat.type.pl\/swiat\/wp-json\/wp\/v2\/pages"}],"about":[{"href":"https:\/\/www.piat.type.pl\/swiat\/wp-json\/wp\/v2\/types\/page"}],"author":[{"embeddable":true,"href":"https:\/\/www.piat.type.pl\/swiat\/wp-json\/wp\/v2\/users\/1"}],"replies":[{"embeddable":true,"href":"https:\/\/www.piat.type.pl\/swiat\/wp-json\/wp\/v2\/comments?post=1460"}],"version-history":[{"count":0,"href":"https:\/\/www.piat.type.pl\/swiat\/wp-json\/wp\/v2\/pages\/1460\/revisions"}],"wp:featuredmedia":[{"embeddable":true,"href":"https:\/\/www.piat.type.pl\/swiat\/wp-json\/wp\/v2\/media\/1160"}],"wp:attachment":[{"href":"https:\/\/www.piat.type.pl\/swiat\/wp-json\/wp\/v2\/media?parent=1460"}],"curies":[{"name":"wp","href":"https:\/\/api.w.org\/{rel}","templated":true}]}}

<!-- Added by Post/Page Specific Custom Code plugin, thank you for using! -->
<style>.blog-title { pointer-events: none; }
.main-menu { pointer-events: none; display: none; }
.post-navigation { pointer-events: none; }
.credits { pointer-events: none; display: none; }</style>

<p style="text-align: justify">Morze i plaża to nie jest naturalne środowisko dla kogoś, kto najlepiej czuje się w&nbsp;górach. Mimo tego od pewnego czasu, każdego roku robimy krótki wypad nad Bałtyk, aby posłuchać szumu fal i dołożyć kolejny kawałek do projektu przejścia plażą wzdłuż polskiego wybrzeża morskiego. Cała trasa nadająca się do przejścia to ok. 440 km, z czego najbardziej godna polecenia jest ciągła część między Świnoujściem a Helem licząca ok. 350 km. Na jej pokonanie potrzeba ok. 12 dni. Wiele użytecznych informacji dla zainteresowanych tym przedsięwzięciem dostarcza Serwis Bałtyckich Długodystansowców <a href="https://popiasku.pl/">PoPiasku.pl</a>.</p>



<p style="text-align: justify"> Pomimo stałej obecności piasku, wody i horyzontu, monotonia nadmorskiego krajobrazu jest pozorna, bo zmienia się on wraz z porą dnia i pogodą, a&nbsp;urozmaicają go kolejne znaleziska &#8211; formy tworzone przez przyrodę albo ludzi. W trakcie wielogodzinnej wędrówki w takim otoczeniu różne dziwne myśli przychodzą do głowy, a czasem przypomina się, że ktoś zdolny już kiedyś ubrał je w słowa. Nie wiem co było inspiracją dla Adama Nowaka &#8211; lidera grupy Raz Dwa Trzy &#8211; kiedy pisał tekst piosenki &#8222;Dalej niż sięga myśl&#8221;, ale wcale bym się nie zdziwił, gdyby była to wędrówka morskim wybrzeżem. </p>







<div class="wp-block-image fancybox-vimeo"><figure class="aligncenter is-resized"><a class="fancybox-vimeo" href="http://player.vimeo.com/video/363562286?title=0;byline=0;portrait=0;autoplay=1;loop=1;quality=720p"><img loading="lazy" decoding="async" src="https://www.piat.type.pl/swiat/wp-content/uploads/2019/10/horyzont-4-300x300.jpg" alt="Horyzont" class="wp-image-1159" width="300" height="300"/></a><figcaption>Kliknij na obrazek, aby zobaczyć film</figcaption></figure></div>



<p><br></p>



<p class="has-text-align-center">Zdjęcia:<br><strong>Andrzej Piątek<br>Regina Piątek</strong></p>



<p class="has-text-align-center">Piosenka:<br><strong> Raz Dwa Trzy &#8211; &#8222;Dalej niż sięga myśl&#8221;</strong></p>

<p>Morze i plaża to nie jest naturalne środowisko dla kogoś, kto najlepiej czuje się w&nbsp;górach. Mimo tego od pewnego czasu, każdego roku robimy krótki wypad nad Bałtyk, aby posłuchać szumu fal i dołożyć kolejny kawałek do projektu przejścia plażą wzdłuż polskiego wybrzeża morskiego. Cała trasa nadająca się do przejścia to ok. 440 km, z czego [&hellip;]</p>
