{"id":1456,"date":"2020-12-06T23:10:34","date_gmt":"2020-12-06T23:10:34","guid":{"rendered":"http:\/\/www.piat.type.pl\/swiat\/?p=1456"},"modified":"2021-03-11T09:23:26","modified_gmt":"2021-03-11T09:23:26","slug":"biale-poloniny","status":"publish","type":"page","link":"https:\/\/www.piat.type.pl\/swiat\/biale-poloniny\/","title":{"rendered":"Bia\u0142e Po\u0142oniny"},"content":{"rendered":"<p style=\"text-align: justify;\">Rajd <a href=\"http:\/\/www.skpb.waw.pl\">SKPB<\/a> &#8222;Bia\u0142e Po\u0142oniny 2020&#8221; &#8211; pocz\u0105tek marca, ostatni wyjazd przed nastaniem pandemii, trzeci raz z rz\u0119du na Ukrainie. Prowadz\u0105cy Pawe\u0142 \u0141odzi\u0144ski wybra\u0142 tym razem Gorgany i Po\u0142onin\u0119 Krasn\u0105. W Ko\u0142oczawie, kt\u00f3ra by\u0142a nasz\u0105 baz\u0105, \u015bniegu nie by\u0142o wcale, ale wystarczy\u0142o wyj\u015b\u0107 kilkaset metr\u00f3w wy\u017cej, aby znale\u017a\u0107 si\u0119 w innym \u015bwiecie. To \u015bwiat nie zawsze i nie dla ka\u017cdego dost\u0119pny, ale ci, kt\u00f3rzy tam dotr\u0105 nie b\u0119d\u0105 \u017ca\u0142owa\u0107. Doliny ze swoimi problemami gubi\u0105 si\u0119 w czerniach, a tu panuje ba\u015bniowa aura i biel &#8211; zupe\u0142nie jak na &#8222;zimowej&#8221; p\u0142ycie Enyi.<\/p>\r\n\r\n\r\n\r\n\r\n<div class=\"wp-block-image\"><figure class=\"aligncenter size-medium\"><a class=\"fancybox-vimeo\" href=\"http:\/\/player.vimeo.com\/video\/415940140?title=0;byline=0;portrait=0;autoplay=1;loop=1;quality=720p\"><img loading=\"lazy\" decoding=\"async\" width=\"300\" height=\"300\" src=\"https:\/\/www.piat.type.pl\/swiat\/wp-content\/uploads\/2020\/05\/Krasna-4-300x300.jpg\" title=\"Bia\u0142e po\u0142oniny\" class=\"wp-image-1285\" srcset=\"https:\/\/www.piat.type.pl\/swiat\/wp-content\/uploads\/2020\/05\/Krasna-4-300x300.jpg 300w, https:\/\/www.piat.type.pl\/swiat\/wp-content\/uploads\/2020\/05\/Krasna-4-150x150.jpg 150w, https:\/\/www.piat.type.pl\/swiat\/wp-content\/uploads\/2020\/05\/Krasna-4-768x768.jpg 768w, https:\/\/www.piat.type.pl\/swiat\/wp-content\/uploads\/2020\/05\/Krasna-4-508x508.jpg 508w, https:\/\/www.piat.type.pl\/swiat\/wp-content\/uploads\/2020\/05\/Krasna-4.jpg 1024w\" sizes=\"auto, (max-width: 300px) 100vw, 300px\" \/><\/a><figcaption>Kliknij na obrazek, aby zobaczy\u0107 film<\/figcaption><\/figure><\/div>\r\n\r\n\r\n\r\n\r\n\r\n\r\n\r\n<p class=\"has-text-align-center\">Zdj\u0119cia:<br><strong> Andrzej Pi\u0105tek<\/strong><\/p>\r\n\r\n\r\n\r\n<p class=\"has-text-align-center\">Piosenka:<br> <strong>Enya &#8211; &#8222;And Winter Came&#8230;&#8221;<\/strong><\/p>\r\n","protected":false},"excerpt":{"rendered":"<p>Rajd SKPB &#8222;Bia\u0142e Po\u0142oniny 2020&#8221; &#8211; pocz\u0105tek marca, ostatni wyjazd przed nastaniem pandemii, trzeci raz z rz\u0119du na Ukrainie. Prowadz\u0105cy Pawe\u0142 \u0141odzi\u0144ski wybra\u0142 tym razem Gorgany i Po\u0142onin\u0119 Krasn\u0105. W Ko\u0142oczawie, kt\u00f3ra by\u0142a nasz\u0105 baz\u0105, \u015bniegu nie by\u0142o wcale, ale wystarczy\u0142o wyj\u015b\u0107 kilkaset metr\u00f3w wy\u017cej, aby znale\u017a\u0107 si\u0119 w innym \u015bwiecie. To \u015bwiat nie zawsze [&hellip;]<\/p>\n","protected":false},"author":1,"featured_media":1285,"parent":0,"menu_order":0,"comment_status":"closed","ping_status":"closed","template":"","meta":{"footnotes":""},"class_list":["post-1456","page","type-page","status-publish","has-post-thumbnail","hentry"],"_links":{"self":[{"href":"https:\/\/www.piat.type.pl\/swiat\/wp-json\/wp\/v2\/pages\/1456","targetHints":{"allow":["GET"]}}],"collection":[{"href":"https:\/\/www.piat.type.pl\/swiat\/wp-json\/wp\/v2\/pages"}],"about":[{"href":"https:\/\/www.piat.type.pl\/swiat\/wp-json\/wp\/v2\/types\/page"}],"author":[{"embeddable":true,"href":"https:\/\/www.piat.type.pl\/swiat\/wp-json\/wp\/v2\/users\/1"}],"replies":[{"embeddable":true,"href":"https:\/\/www.piat.type.pl\/swiat\/wp-json\/wp\/v2\/comments?post=1456"}],"version-history":[{"count":0,"href":"https:\/\/www.piat.type.pl\/swiat\/wp-json\/wp\/v2\/pages\/1456\/revisions"}],"wp:featuredmedia":[{"embeddable":true,"href":"https:\/\/www.piat.type.pl\/swiat\/wp-json\/wp\/v2\/media\/1285"}],"wp:attachment":[{"href":"https:\/\/www.piat.type.pl\/swiat\/wp-json\/wp\/v2\/media?parent=1456"}],"curies":[{"name":"wp","href":"https:\/\/api.w.org\/{rel}","templated":true}]}}

Białe Połoniny

<p style="text-align: justify;">Rajd <a href="http://www.skpb.waw.pl">SKPB</a> &#8222;Białe Połoniny 2020&#8221; &#8211; początek marca, ostatni wyjazd przed nastaniem pandemii, trzeci raz z rzędu na Ukrainie. Prowadzący Paweł Łodziński wybrał tym razem Gorgany i Połoninę Krasną. W Kołoczawie, która była naszą bazą, śniegu nie było wcale, ale wystarczyło wyjść kilkaset metrów wyżej, aby znaleźć się w innym świecie. To świat nie zawsze i nie dla każdego dostępny, ale ci, którzy tam dotrą nie będą żałować. Doliny ze swoimi problemami gubią się w czerniach, a tu panuje baśniowa aura i biel &#8211; zupełnie jak na &#8222;zimowej&#8221; płycie Enyi.</p>




<div class="wp-block-image"><figure class="aligncenter size-medium"><a class="fancybox-vimeo" href="http://player.vimeo.com/video/415940140?title=0;byline=0;portrait=0;autoplay=1;loop=1;quality=720p"><img loading="lazy" decoding="async" width="300" height="300" src="https://www.piat.type.pl/swiat/wp-content/uploads/2020/05/Krasna-4-300x300.jpg" title="Białe połoniny" class="wp-image-1285" srcset="https://www.piat.type.pl/swiat/wp-content/uploads/2020/05/Krasna-4-300x300.jpg 300w, https://www.piat.type.pl/swiat/wp-content/uploads/2020/05/Krasna-4-150x150.jpg 150w, https://www.piat.type.pl/swiat/wp-content/uploads/2020/05/Krasna-4-768x768.jpg 768w, https://www.piat.type.pl/swiat/wp-content/uploads/2020/05/Krasna-4-508x508.jpg 508w, https://www.piat.type.pl/swiat/wp-content/uploads/2020/05/Krasna-4.jpg 1024w" sizes="auto, (max-width: 300px) 100vw, 300px" /></a><figcaption>Kliknij na obrazek, aby zobaczyć film</figcaption></figure></div>







<p class="has-text-align-center">Zdjęcia:<br><strong> Andrzej Piątek</strong></p>



<p class="has-text-align-center">Piosenka:<br> <strong>Enya &#8211; &#8222;And Winter Came&#8230;&#8221;</strong></p>

<p>Rajd SKPB &#8222;Białe Połoniny 2020&#8221; &#8211; początek marca, ostatni wyjazd przed nastaniem pandemii, trzeci raz z rzędu na Ukrainie. Prowadzący Paweł Łodziński wybrał tym razem Gorgany i Połoninę Krasną. W Kołoczawie, która była naszą bazą, śniegu nie było wcale, ale wystarczyło wyjść kilkaset metrów wyżej, aby znaleźć się w innym świecie. To świat nie zawsze [&hellip;]</p>
