{"id":1426,"date":"2020-12-06T09:36:48","date_gmt":"2020-12-06T09:36:48","guid":{"rendered":"http:\/\/www.piat.type.pl\/swiat\/?p=1426"},"modified":"2020-12-06T10:00:15","modified_gmt":"2020-12-06T10:00:15","slug":"nasz-dakar","status":"publish","type":"page","link":"https:\/\/www.piat.type.pl\/swiat\/nasz-dakar\/","title":{"rendered":"Nasz Dakar"},"content":{"rendered":"<p style=\"text-align: justify;\">S\u0142ynny rajd samochodowy Dakar dawno ju\u017c opu\u015bci\u0142 Afryk\u0119. Mimo \u017ce zachowa\u0142 swoj\u0105 nazw\u0119, rozgrywany jest teraz w Ameryce Po\u0142udniowej, cz\u0119sto na pustyni Puna de Atacama. Akurat te okolice my te\u017c sobie upodobali\u015bmy, dlatego spotkanie by\u0142o nieuchronne. W 2013 roku, w&nbsp;czasie, kiedy w okolicach miejscowo\u015bci Fiambal\u00e1 w Argentynie odbywa\u0142 si\u0119 rajd, my wyruszali\u015bmy z niej w&nbsp;kierunku g\u0142\u00f3wnej grani And\u00f3w &#8211; tylko niewielki kawa\u0142ek asfaltow\u0105 szos\u0105, potem &#8211; przez bezdro\u017ca Puny. A wi\u0119c tak\u017ce mieli\u015bmy nasz Dakar. Iwona m\u00f3wi\u0142a wtedy, \u017ce nawet gdyby nie uda\u0142o si\u0119 wej\u015b\u0107 na \u017cadn\u0105 z zaplanowanych g\u00f3r, to dla samych emocji zwi\u0105zanych z jazd\u0105 przez Pun\u0119, warto by\u0142o tam pojecha\u0107.<\/p>\n<p style=\"text-align: justify;\">Zobaczmy kr\u00f3tk\u0105 impresj\u0119-\u017cart powsta\u0142\u0105 z po\u0142\u0105czenia zdj\u0119\u0107 robionych przewa\u017cnie z okna samochodu i bardzo znanej kiedy\u015b piosenki, opowiadaj\u0105cej o&nbsp;emocjach zwi\u0105zanych z szybk\u0105 jazd\u0105 samochodem.<br \/>\n<\/p>\n<div id=\"attachment_373\" style=\"width: 310px\" class=\"wp-caption aligncenter\"><a class=\"fancybox-vimeo\" href=\"http:\/\/player.vimeo.com\/video\/274139459?title=0;byline=0;portrait=0;autoplay=1;loop=1;quality=720p\"><img loading=\"lazy\" decoding=\"async\" aria-describedby=\"caption-attachment-373\" class=\"wp-image-373 size-medium\" title=\"Nasz Dakar\" src=\"https:\/\/www.piat.type.pl\/swiat\/wp-content\/uploads\/2018\/05\/naszdakar-300x300.jpg\" alt=\"\" width=\"300\" height=\"300\" srcset=\"https:\/\/www.piat.type.pl\/swiat\/wp-content\/uploads\/2018\/05\/naszdakar-300x300.jpg 300w, https:\/\/www.piat.type.pl\/swiat\/wp-content\/uploads\/2018\/05\/naszdakar-150x150.jpg 150w, https:\/\/www.piat.type.pl\/swiat\/wp-content\/uploads\/2018\/05\/naszdakar-768x768.jpg 768w, https:\/\/www.piat.type.pl\/swiat\/wp-content\/uploads\/2018\/05\/naszdakar-508x508.jpg 508w, https:\/\/www.piat.type.pl\/swiat\/wp-content\/uploads\/2018\/05\/naszdakar.jpg 1024w\" sizes=\"auto, (max-width: 300px) 100vw, 300px\" \/><\/a><p id=\"caption-attachment-373\" class=\"wp-caption-text\">Kliknij na obrazek, aby zobaczy\u0107 film<\/p><\/div>\n<p><br \/>\n<\/p>\n<p style=\"text-align: center;\">Zdj\u0119cia:<br \/>\n<strong>Iwona Szumacher<br \/>\nAndrzej Pi\u0105tek<\/strong><\/p>\n<p style=\"text-align: center;\">Piosenka:<br \/>\n<strong>Fred Buscaglione &#8211; &#8222;Teresa non sparare&#8221;<\/strong><br \/>\ns\u0142owa polskie &#8211; <strong>Wojciech M\u0142ynarski<\/strong><br \/>\n\u015bpiewa &#8211; <strong>Wies\u0142aw Go\u0142as<\/strong><\/p>\n<div id=\"s3gt_translate_tooltip_mini\" class=\"s3gt_translate_tooltip_mini_box\" style=\"background: initial !important; border: initial !important; border-radius: initial !important; border-spacing: initial !important; border-collapse: initial !important; direction: ltr !important; flex-direction: initial !important; font-weight: initial !important; height: initial !important; letter-spacing: initial !important; min-width: initial !important; max-width: initial !important; min-height: initial !important; max-height: initial !important; margin: auto !important; outline: initial !important; padding: initial !important; position: absolute; table-layout: initial !important; text-align: initial !important; text-shadow: initial !important; width: initial !important; word-break: initial !important; word-spacing: initial !important; overflow-wrap: initial !important; box-sizing: initial !important; display: initial !important; color: inherit !important; font-size: 13px !important; font-family: X-LocaleSpecific, sans-serif, Tahoma, Helvetica !important; line-height: 13px !important; vertical-align: top !important; white-space: inherit !important; left: 714px; top: 379px; opacity: 0.25;\">\n<div id=\"s3gt_translate_tooltip_mini_logo\" class=\"s3gt_translate_tooltip_mini\" title=\"T\u0142umacz zaznaczony tekst\"><\/div>\n<div id=\"s3gt_translate_tooltip_mini_sound\" class=\"s3gt_translate_tooltip_mini\" title=\"Odtw\u00f3rz\"><\/div>\n<div id=\"s3gt_translate_tooltip_mini_copy\" class=\"s3gt_translate_tooltip_mini\" title=\"Kopiuj tekst do schowka\"><\/div>\n<\/div>\n","protected":false},"excerpt":{"rendered":"<p>S\u0142ynny rajd samochodowy Dakar dawno ju\u017c opu\u015bci\u0142 Afryk\u0119. Mimo \u017ce zachowa\u0142 swoj\u0105 nazw\u0119, rozgrywany jest teraz w Ameryce Po\u0142udniowej, cz\u0119sto na pustyni Puna de Atacama. Akurat te okolice my te\u017c sobie upodobali\u015bmy, dlatego spotkanie by\u0142o nieuchronne. W 2013 roku, w&nbsp;czasie, kiedy w okolicach miejscowo\u015bci Fiambal\u00e1 w Argentynie odbywa\u0142 si\u0119 rajd, my wyruszali\u015bmy z niej w&nbsp;kierunku [&hellip;]<\/p>\n","protected":false},"author":1,"featured_media":285,"parent":0,"menu_order":27,"comment_status":"closed","ping_status":"closed","template":"","meta":{"footnotes":""},"class_list":["post-1426","page","type-page","status-publish","has-post-thumbnail","hentry"],"_links":{"self":[{"href":"https:\/\/www.piat.type.pl\/swiat\/wp-json\/wp\/v2\/pages\/1426","targetHints":{"allow":["GET"]}}],"collection":[{"href":"https:\/\/www.piat.type.pl\/swiat\/wp-json\/wp\/v2\/pages"}],"about":[{"href":"https:\/\/www.piat.type.pl\/swiat\/wp-json\/wp\/v2\/types\/page"}],"author":[{"embeddable":true,"href":"https:\/\/www.piat.type.pl\/swiat\/wp-json\/wp\/v2\/users\/1"}],"replies":[{"embeddable":true,"href":"https:\/\/www.piat.type.pl\/swiat\/wp-json\/wp\/v2\/comments?post=1426"}],"version-history":[{"count":0,"href":"https:\/\/www.piat.type.pl\/swiat\/wp-json\/wp\/v2\/pages\/1426\/revisions"}],"wp:featuredmedia":[{"embeddable":true,"href":"https:\/\/www.piat.type.pl\/swiat\/wp-json\/wp\/v2\/media\/285"}],"wp:attachment":[{"href":"https:\/\/www.piat.type.pl\/swiat\/wp-json\/wp\/v2\/media?parent=1426"}],"curies":[{"name":"wp","href":"https:\/\/api.w.org\/{rel}","templated":true}]}}

<p style="text-align: justify;">Słynny rajd samochodowy Dakar dawno już opuścił Afrykę. Mimo że zachował swoją nazwę, rozgrywany jest teraz w Ameryce Południowej, często na pustyni Puna de Atacama. Akurat te okolice my też sobie upodobaliśmy, dlatego spotkanie było nieuchronne. W 2013 roku, w&nbsp;czasie, kiedy w okolicach miejscowości Fiambalá w Argentynie odbywał się rajd, my wyruszaliśmy z niej w&nbsp;kierunku głównej grani Andów &#8211; tylko niewielki kawałek asfaltową szosą, potem &#8211; przez bezdroża Puny. A więc także mieliśmy nasz Dakar. Iwona mówiła wtedy, że nawet gdyby nie udało się wejść na żadną z zaplanowanych gór, to dla samych emocji związanych z jazdą przez Punę, warto było tam pojechać.</p>
<p style="text-align: justify;">Zobaczmy krótką impresję-żart powstałą z połączenia zdjęć robionych przeważnie z okna samochodu i bardzo znanej kiedyś piosenki, opowiadającej o&nbsp;emocjach związanych z szybką jazdą samochodem.<br />
</p>
<div id="attachment_373" style="width: 310px" class="wp-caption aligncenter"><a class="fancybox-vimeo" href="http://player.vimeo.com/video/274139459?title=0;byline=0;portrait=0;autoplay=1;loop=1;quality=720p"><img loading="lazy" decoding="async" aria-describedby="caption-attachment-373" class="wp-image-373 size-medium" title="Nasz Dakar" src="https://www.piat.type.pl/swiat/wp-content/uploads/2018/05/naszdakar-300x300.jpg" alt="" width="300" height="300" srcset="https://www.piat.type.pl/swiat/wp-content/uploads/2018/05/naszdakar-300x300.jpg 300w, https://www.piat.type.pl/swiat/wp-content/uploads/2018/05/naszdakar-150x150.jpg 150w, https://www.piat.type.pl/swiat/wp-content/uploads/2018/05/naszdakar-768x768.jpg 768w, https://www.piat.type.pl/swiat/wp-content/uploads/2018/05/naszdakar-508x508.jpg 508w, https://www.piat.type.pl/swiat/wp-content/uploads/2018/05/naszdakar.jpg 1024w" sizes="auto, (max-width: 300px) 100vw, 300px" /></a><p id="caption-attachment-373" class="wp-caption-text">Kliknij na obrazek, aby zobaczyć film</p></div>
<p><br />
</p>
<p style="text-align: center;">Zdjęcia:<br />
<strong>Iwona Szumacher<br />
Andrzej Piątek</strong></p>
<p style="text-align: center;">Piosenka:<br />
<strong>Fred Buscaglione &#8211; &#8222;Teresa non sparare&#8221;</strong><br />
słowa polskie &#8211; <strong>Wojciech Młynarski</strong><br />
śpiewa &#8211; <strong>Wiesław Gołas</strong></p>
<div id="s3gt_translate_tooltip_mini" class="s3gt_translate_tooltip_mini_box" style="background: initial !important; border: initial !important; border-radius: initial !important; border-spacing: initial !important; border-collapse: initial !important; direction: ltr !important; flex-direction: initial !important; font-weight: initial !important; height: initial !important; letter-spacing: initial !important; min-width: initial !important; max-width: initial !important; min-height: initial !important; max-height: initial !important; margin: auto !important; outline: initial !important; padding: initial !important; position: absolute; table-layout: initial !important; text-align: initial !important; text-shadow: initial !important; width: initial !important; word-break: initial !important; word-spacing: initial !important; overflow-wrap: initial !important; box-sizing: initial !important; display: initial !important; color: inherit !important; font-size: 13px !important; font-family: X-LocaleSpecific, sans-serif, Tahoma, Helvetica !important; line-height: 13px !important; vertical-align: top !important; white-space: inherit !important; left: 714px; top: 379px; opacity: 0.25;">
<div id="s3gt_translate_tooltip_mini_logo" class="s3gt_translate_tooltip_mini" title="Tłumacz zaznaczony tekst"></div>
<div id="s3gt_translate_tooltip_mini_sound" class="s3gt_translate_tooltip_mini" title="Odtwórz"></div>
<div id="s3gt_translate_tooltip_mini_copy" class="s3gt_translate_tooltip_mini" title="Kopiuj tekst do schowka"></div>
</div>

<p>Słynny rajd samochodowy Dakar dawno już opuścił Afrykę. Mimo że zachował swoją nazwę, rozgrywany jest teraz w Ameryce Południowej, często na pustyni Puna de Atacama. Akurat te okolice my też sobie upodobaliśmy, dlatego spotkanie było nieuchronne. W 2013 roku, w&nbsp;czasie, kiedy w okolicach miejscowości Fiambalá w Argentynie odbywał się rajd, my wyruszaliśmy z niej w&nbsp;kierunku [&hellip;]</p>
