{"id":1420,"date":"2020-12-06T09:36:48","date_gmt":"2020-12-06T09:36:48","guid":{"rendered":"http:\/\/www.piat.type.pl\/swiat\/?p=1420"},"modified":"2025-12-26T13:34:10","modified_gmt":"2025-12-26T13:34:10","slug":"co-lubie","status":"publish","type":"page","link":"https:\/\/www.piat.type.pl\/swiat\/co-lubie\/","title":{"rendered":"Co lubi\u0119&#8230;"},"content":{"rendered":"<!-- Added by Post\/Page Specific Custom Code plugin, thank you for using! -->\n<style>.blog-title { pointer-events: none; }\r\n.main-menu { pointer-events: none; display: none; }\r\n.post-navigation { pointer-events: none; }\r\n.credits { pointer-events: none; display: none; }<\/style>\n<p style=\"text-align: justify;\">Brodnicki Park Krajobrazowy &#8211; lasy, jeziora, pola i \u0142\u0105ki. Impresja powsta\u0142a ze zdj\u0119\u0107 zrobionych przy okazji rodzinnego spotkania (co nie jest bez znaczenia zwa\u017cywszy na fina\u0142), ale nie b\u0119dzie w niej ludzi. Temat\u00f3w dostarczy\u0142 jesienny spacer, a nastr\u00f3j zbudowali Seweryn Krajewski i Magda Czapi\u0144ska &#8211; autorzy piosenki, kt\u00f3ra po raz pierwszy pojawi\u0142a si\u0119 na p\u0142ycie Seweryna z&nbsp;roku 2001. Tu w znacznie nowocze\u015bniejszej aran\u017cacji i wykonaniu pochodz\u0105cym z&nbsp;p\u0142yty &#8222;Seweryn Krajewski Smooth Jazz&#8221; zrealizowanej przez Piotra Rodowicza i&nbsp;Tomasza Filipiaka.<\/p>\n\n<div style=\"width: 310px\" class=\"wp-caption aligncenter\"><a class=\"fancybox-vimeo\" href=\"https:\/\/player.vimeo.com\/video\/143461763?title=0&#038;byline=0&#038;portrait=0&#038;autoplay=1\" ><img loading=\"lazy\" decoding=\"async\" title=\"Co lubi\u0119...\" src=\"https:\/\/www.piat.type.pl\/swiat\/wp-content\/uploads\/2018\/05\/colubie-300x300.jpg\" alt=\"\" width=\"300\" height=\"300\"><\/a><p class=\"wp-caption-text\">Kliknij na obrazek, aby zobaczy\u0107 film<\/p><\/div>\n<p><br \/>\n<\/p>\n<p style=\"text-align: center;\">Zdj\u0119cia:<br \/>\n<strong>Andrzej Pi\u0105tek<\/strong><\/p>\n<p style=\"text-align: center;\">Muzyka:<br \/>\n<strong>Seweryn Krajewski &#8211; &#8222;Lubi\u0119 ten smutek&#8221;<\/strong><br \/>\n\u015bpiewa: <strong>Robert Janowski<\/strong><\/p>\n","protected":false},"excerpt":{"rendered":"<p>Brodnicki Park Krajobrazowy &#8211; lasy, jeziora, pola i \u0142\u0105ki. Impresja powsta\u0142a ze zdj\u0119\u0107 zrobionych przy okazji rodzinnego spotkania (co nie jest bez znaczenia zwa\u017cywszy na fina\u0142), ale nie b\u0119dzie w niej ludzi. Temat\u00f3w dostarczy\u0142 jesienny spacer, a nastr\u00f3j zbudowali Seweryn Krajewski i Magda Czapi\u0144ska &#8211; autorzy piosenki, kt\u00f3ra po raz pierwszy pojawi\u0142a si\u0119 na p\u0142ycie [&hellip;]<\/p>\n","protected":false},"author":1,"featured_media":297,"parent":0,"menu_order":13,"comment_status":"closed","ping_status":"closed","template":"","meta":{"footnotes":""},"class_list":["post-1420","page","type-page","status-publish","has-post-thumbnail","hentry"],"_links":{"self":[{"href":"https:\/\/www.piat.type.pl\/swiat\/wp-json\/wp\/v2\/pages\/1420","targetHints":{"allow":["GET"]}}],"collection":[{"href":"https:\/\/www.piat.type.pl\/swiat\/wp-json\/wp\/v2\/pages"}],"about":[{"href":"https:\/\/www.piat.type.pl\/swiat\/wp-json\/wp\/v2\/types\/page"}],"author":[{"embeddable":true,"href":"https:\/\/www.piat.type.pl\/swiat\/wp-json\/wp\/v2\/users\/1"}],"replies":[{"embeddable":true,"href":"https:\/\/www.piat.type.pl\/swiat\/wp-json\/wp\/v2\/comments?post=1420"}],"version-history":[{"count":8,"href":"https:\/\/www.piat.type.pl\/swiat\/wp-json\/wp\/v2\/pages\/1420\/revisions"}],"predecessor-version":[{"id":2073,"href":"https:\/\/www.piat.type.pl\/swiat\/wp-json\/wp\/v2\/pages\/1420\/revisions\/2073"}],"wp:featuredmedia":[{"embeddable":true,"href":"https:\/\/www.piat.type.pl\/swiat\/wp-json\/wp\/v2\/media\/297"}],"wp:attachment":[{"href":"https:\/\/www.piat.type.pl\/swiat\/wp-json\/wp\/v2\/media?parent=1420"}],"curies":[{"name":"wp","href":"https:\/\/api.w.org\/{rel}","templated":true}]}}

Co lubię&#8230;

<!-- Added by Post/Page Specific Custom Code plugin, thank you for using! -->
<style>.blog-title { pointer-events: none; }
.main-menu { pointer-events: none; display: none; }
.post-navigation { pointer-events: none; }
.credits { pointer-events: none; display: none; }</style>
<p style="text-align: justify;">Brodnicki Park Krajobrazowy &#8211; lasy, jeziora, pola i łąki. Impresja powstała ze zdjęć zrobionych przy okazji rodzinnego spotkania (co nie jest bez znaczenia zważywszy na finał), ale nie będzie w niej ludzi. Tematów dostarczył jesienny spacer, a nastrój zbudowali Seweryn Krajewski i Magda Czapińska &#8211; autorzy piosenki, która po raz pierwszy pojawiła się na płycie Seweryna z&nbsp;roku 2001. Tu w znacznie nowocześniejszej aranżacji i wykonaniu pochodzącym z&nbsp;płyty &#8222;Seweryn Krajewski Smooth Jazz&#8221; zrealizowanej przez Piotra Rodowicza i&nbsp;Tomasza Filipiaka.</p>

<div style="width: 310px" class="wp-caption aligncenter"><a class="fancybox-vimeo" href="https://player.vimeo.com/video/143461763?title=0&#038;byline=0&#038;portrait=0&#038;autoplay=1" ><img loading="lazy" decoding="async" title="Co lubię..." src="https://www.piat.type.pl/swiat/wp-content/uploads/2018/05/colubie-300x300.jpg" alt="" width="300" height="300"></a><p class="wp-caption-text">Kliknij na obrazek, aby zobaczyć film</p></div>
<p><br />
</p>
<p style="text-align: center;">Zdjęcia:<br />
<strong>Andrzej Piątek</strong></p>
<p style="text-align: center;">Muzyka:<br />
<strong>Seweryn Krajewski &#8211; &#8222;Lubię ten smutek&#8221;</strong><br />
śpiewa: <strong>Robert Janowski</strong></p>

<p>Brodnicki Park Krajobrazowy &#8211; lasy, jeziora, pola i łąki. Impresja powstała ze zdjęć zrobionych przy okazji rodzinnego spotkania (co nie jest bez znaczenia zważywszy na finał), ale nie będzie w niej ludzi. Tematów dostarczył jesienny spacer, a nastrój zbudowali Seweryn Krajewski i Magda Czapińska &#8211; autorzy piosenki, która po raz pierwszy pojawiła się na płycie [&hellip;]</p>
