{"id":1419,"date":"2020-12-06T09:36:48","date_gmt":"2020-12-06T09:36:48","guid":{"rendered":"http:\/\/www.piat.type.pl\/swiat\/?p=1419"},"modified":"2020-12-06T09:55:49","modified_gmt":"2020-12-06T09:55:49","slug":"krotka-historia-zdobycia-wulkanu","status":"publish","type":"page","link":"https:\/\/www.piat.type.pl\/swiat\/krotka-historia-zdobycia-wulkanu\/","title":{"rendered":"Kr\u00f3tka historia zdobycia wulkanu"},"content":{"rendered":"<p style=\"text-align: justify;\">W pa\u015bmie g\u00f3r ograniczaj\u0105cych p\u0142askowy\u017c Altiplano od zachodu wyr\u00f3\u017cnia si\u0119 para wybitnych sto\u017ck\u00f3w wulkanicznych Parinacota i Pomerape, le\u017c\u0105cych na granicy boliwijsko-chilijskiej. Przygotowuj\u0105c si\u0119 do wej\u015bcia na najwy\u017cszy szczyt Boliwii &#8211; Sajam\u0119, wybrali\u015bmy na nasz pierwszy g\u00f3rski cel Parinacot\u0119. Chcieli\u015bmy zobaczy\u0107 jej s\u0142awny krater, kt\u00f3ry ma ok. 500 m \u015brednicy i 140 m g\u0142\u0119boko\u015bci. Samochodem terenowym dotarli\u015bmy w okolice prze\u0142\u0119czy pomi\u0119dzy oboma szczytami i tam, na wysoko\u015bci ok. 5200 m n.p.m., w\u015br\u00f3d blok\u00f3w zastyg\u0142ej lawy, za\u0142o\u017cyli\u015bmy ob\u00f3z bazowy. G\u00f3ra nie jest trudna technicznie, ale wysoka &#8211; ma ponad 6300 m. Popatrzmy na akcj\u0119 g\u00f3rsk\u0105, kt\u00f3ra odby\u0142a si\u0119 w rytmie <em>diablady<\/em> &#8211; tradycyjnego boliwijskiego ta\u0144ca pochodz\u0105cego z rejonu Altiplano.<\/p>\n\n<div id=\"attachment_904\" style=\"width: 310px\" class=\"wp-caption aligncenter\"><a class=\"fancybox-vimeo\" href=\"http:\/\/player.vimeo.com\/video\/278747788?title=0;byline=0;portrait=0;autoplay=1;loop=1;quality=720p\"><img loading=\"lazy\" decoding=\"async\" aria-describedby=\"caption-attachment-904\" class=\"wp-image-904 size-medium\" title=\"Kr\u00f3tka historia zdobycia wulkanu\" src=\"https:\/\/www.piat.type.pl\/swiat\/wp-content\/uploads\/2018\/07\/wulkan-300x300.jpg\" alt=\"\" width=\"300\" height=\"300\" srcset=\"https:\/\/www.piat.type.pl\/swiat\/wp-content\/uploads\/2018\/07\/wulkan-300x300.jpg 300w, https:\/\/www.piat.type.pl\/swiat\/wp-content\/uploads\/2018\/07\/wulkan-150x150.jpg 150w, https:\/\/www.piat.type.pl\/swiat\/wp-content\/uploads\/2018\/07\/wulkan-768x768.jpg 768w, https:\/\/www.piat.type.pl\/swiat\/wp-content\/uploads\/2018\/07\/wulkan-508x508.jpg 508w, https:\/\/www.piat.type.pl\/swiat\/wp-content\/uploads\/2018\/07\/wulkan.jpg 1024w\" sizes=\"auto, (max-width: 300px) 100vw, 300px\" \/><\/a><p id=\"caption-attachment-904\" class=\"wp-caption-text\">Kliknij na obrazek, aby zobaczy\u0107 film<\/p><\/div>\n<p><br \/>\n<\/p>\n<p style=\"text-align: center;\">Zdj\u0119cia:<br \/>\n<strong>Andrzej Pi\u0105tek<br \/>\nIwona Szumacher<br \/>\nMateusz G\u0105tkowski<br \/>\nJacek Sidlarewicz<\/strong><\/p>\n<p style=\"text-align: center;\">Muzyka:<br \/>\n<strong>Ariel Ramirez, Jaime Torres &#8211; &#8222;La diablada&#8221;<\/strong><\/p>\n","protected":false},"excerpt":{"rendered":"<p>W pa\u015bmie g\u00f3r ograniczaj\u0105cych p\u0142askowy\u017c Altiplano od zachodu wyr\u00f3\u017cnia si\u0119 para wybitnych sto\u017ck\u00f3w wulkanicznych Parinacota i Pomerape, le\u017c\u0105cych na granicy boliwijsko-chilijskiej. Przygotowuj\u0105c si\u0119 do wej\u015bcia na najwy\u017cszy szczyt Boliwii &#8211; Sajam\u0119, wybrali\u015bmy na nasz pierwszy g\u00f3rski cel Parinacot\u0119. Chcieli\u015bmy zobaczy\u0107 jej s\u0142awny krater, kt\u00f3ry ma ok. 500 m \u015brednicy i 140 m g\u0142\u0119boko\u015bci. Samochodem terenowym [&hellip;]<\/p>\n","protected":false},"author":1,"featured_media":905,"parent":0,"menu_order":7,"comment_status":"closed","ping_status":"closed","template":"","meta":{"footnotes":""},"class_list":["post-1419","page","type-page","status-publish","has-post-thumbnail","hentry"],"_links":{"self":[{"href":"https:\/\/www.piat.type.pl\/swiat\/wp-json\/wp\/v2\/pages\/1419","targetHints":{"allow":["GET"]}}],"collection":[{"href":"https:\/\/www.piat.type.pl\/swiat\/wp-json\/wp\/v2\/pages"}],"about":[{"href":"https:\/\/www.piat.type.pl\/swiat\/wp-json\/wp\/v2\/types\/page"}],"author":[{"embeddable":true,"href":"https:\/\/www.piat.type.pl\/swiat\/wp-json\/wp\/v2\/users\/1"}],"replies":[{"embeddable":true,"href":"https:\/\/www.piat.type.pl\/swiat\/wp-json\/wp\/v2\/comments?post=1419"}],"version-history":[{"count":0,"href":"https:\/\/www.piat.type.pl\/swiat\/wp-json\/wp\/v2\/pages\/1419\/revisions"}],"wp:featuredmedia":[{"embeddable":true,"href":"https:\/\/www.piat.type.pl\/swiat\/wp-json\/wp\/v2\/media\/905"}],"wp:attachment":[{"href":"https:\/\/www.piat.type.pl\/swiat\/wp-json\/wp\/v2\/media?parent=1419"}],"curies":[{"name":"wp","href":"https:\/\/api.w.org\/{rel}","templated":true}]}}

Krótka historia zdobycia wulkanu

<p style="text-align: justify;">W paśmie gór ograniczających płaskowyż Altiplano od zachodu wyróżnia się para wybitnych stożków wulkanicznych Parinacota i Pomerape, leżących na granicy boliwijsko-chilijskiej. Przygotowując się do wejścia na najwyższy szczyt Boliwii &#8211; Sajamę, wybraliśmy na nasz pierwszy górski cel Parinacotę. Chcieliśmy zobaczyć jej sławny krater, który ma ok. 500 m średnicy i 140 m głębokości. Samochodem terenowym dotarliśmy w okolice przełęczy pomiędzy oboma szczytami i tam, na wysokości ok. 5200 m n.p.m., wśród bloków zastygłej lawy, założyliśmy obóz bazowy. Góra nie jest trudna technicznie, ale wysoka &#8211; ma ponad 6300 m. Popatrzmy na akcję górską, która odbyła się w rytmie <em>diablady</em> &#8211; tradycyjnego boliwijskiego tańca pochodzącego z rejonu Altiplano.</p>

<div id="attachment_904" style="width: 310px" class="wp-caption aligncenter"><a class="fancybox-vimeo" href="http://player.vimeo.com/video/278747788?title=0;byline=0;portrait=0;autoplay=1;loop=1;quality=720p"><img loading="lazy" decoding="async" aria-describedby="caption-attachment-904" class="wp-image-904 size-medium" title="Krótka historia zdobycia wulkanu" src="https://www.piat.type.pl/swiat/wp-content/uploads/2018/07/wulkan-300x300.jpg" alt="" width="300" height="300" srcset="https://www.piat.type.pl/swiat/wp-content/uploads/2018/07/wulkan-300x300.jpg 300w, https://www.piat.type.pl/swiat/wp-content/uploads/2018/07/wulkan-150x150.jpg 150w, https://www.piat.type.pl/swiat/wp-content/uploads/2018/07/wulkan-768x768.jpg 768w, https://www.piat.type.pl/swiat/wp-content/uploads/2018/07/wulkan-508x508.jpg 508w, https://www.piat.type.pl/swiat/wp-content/uploads/2018/07/wulkan.jpg 1024w" sizes="auto, (max-width: 300px) 100vw, 300px" /></a><p id="caption-attachment-904" class="wp-caption-text">Kliknij na obrazek, aby zobaczyć film</p></div>
<p><br />
</p>
<p style="text-align: center;">Zdjęcia:<br />
<strong>Andrzej Piątek<br />
Iwona Szumacher<br />
Mateusz Gątkowski<br />
Jacek Sidlarewicz</strong></p>
<p style="text-align: center;">Muzyka:<br />
<strong>Ariel Ramirez, Jaime Torres &#8211; &#8222;La diablada&#8221;</strong></p>

<p>W paśmie gór ograniczających płaskowyż Altiplano od zachodu wyróżnia się para wybitnych stożków wulkanicznych Parinacota i Pomerape, leżących na granicy boliwijsko-chilijskiej. Przygotowując się do wejścia na najwyższy szczyt Boliwii &#8211; Sajamę, wybraliśmy na nasz pierwszy górski cel Parinacotę. Chcieliśmy zobaczyć jej sławny krater, który ma ok. 500 m średnicy i 140 m głębokości. Samochodem terenowym [&hellip;]</p>
